{"id":162,"date":"2015-02-05T20:31:17","date_gmt":"2015-02-05T20:31:17","guid":{"rendered":"http:\/\/192.168.1.110\/skelpie\/?page_id=162"},"modified":"2015-02-19T20:22:47","modified_gmt":"2015-02-19T20:22:47","slug":"kasa-elzab-jota-e-kp-lan","status":"publish","type":"page","link":"https:\/\/www.skelpie.eu\/?page_id=162","title":{"rendered":"Kasa fiskalna ELZAB Jota E, KP, LAN"},"content":{"rendered":"<div class=\"links\"><\/div>\n<div class=\"content\" style=\"text-align: center;\"><a title=\"Kasa ELZAB Jota E\" href=\"http:\/\/www.elzab.com.pl\/files\/kasa-jota-e.jpg\" target=\"_blank\" rel=\"lightbox\"><img title=\"Kasa ELZAB Jota E\" src=\"http:\/\/www.elzab.com.pl\/files\/kasa-jota-e_m.jpg\" alt=\"Kasa ELZAB Jota E\" \/><\/a><br \/>\n<a href=\"http:\/\/www.elzab.com.pl\/aktualnosci28052013\"><img src=\"http:\/\/www.elzab.com.pl\/files\/zlotyparagon-2013.jpg\" alt=\"Z\u0142oty Paragon dla kasy ELZAB Jota E\" align=\"top\" border=\"0\" \/><\/a>\u00a0\u00a0\u00a0\u00a0\u00a0<img class=\"aligncenter\" src=\"http:\/\/www.elzab.com.pl\/files\/perlarynku2013.jpg\" alt=\"Per\u0142a rynku 2013\" align=\"top\" border=\"0\" \/><\/p>\n<div id=\"jota_cechy\">\n<table border=\"0\" width=\"95%\" cellspacing=\"0\" cellpadding=\"0\">\n<tbody>\n<tr>\n<td style=\"text-align: left;\" colspan=\"2\" valign=\"top\"><b>Ma\u0142a kasa, du\u017ce mo\u017cliwo\u015bci<\/b><br \/>\nKasa ELZAB Jota E 6 tys. PLU jest kas\u0105 z kopi\u0105 elektroniczn\u0105 paragon\u00f3w i funkcjonalno\u015bci\u0105 r\u00f3wn\u0105 kasom segmentu \u015bredniego.<br \/>\nJest to kasa dedykowana dla mniejszych sklep\u00f3w spo\u017cywczych, sklep\u00f3w mi\u0119snych, cukierni, piekarni, ma\u0142ej gastronomii, szczeg\u00f3lnie tam, gdzie mo\u017cliwa jest praca w sieci LAN\/WAN.<\/td>\n<\/tr>\n<tr>\n<td valign=\"top\"><b>Charakterystyka kasy <\/b><br \/>\nObudowa kasy przyci\u0105ga uwag\u0119 nowoczesn\u0105 lini\u0105 wzornicz\u0105 i czytelnym, pod\u015bwietlanym na bia\u0142o, czteroliniowym wy\u015bwietlaczem kasjera.<br \/>\nWszystkie z\u0142\u0105cza s\u0105 umieszczone od spodu kasy, umo\u017cliwia to estetyczne pod\u0142\u0105czenie urz\u0105dze\u0144 i zasilacza. Termiczny mechanizm drukuj\u0105cy z bardzo wygodn\u0105 dla u\u017cytkownika funkcj\u0105 easy load (wrzu\u0107, zamknij, drukuj) drukuje na papierze o szeroko\u015bci 57 mm z pr\u0119dko\u015bci\u0105 15 wierszy na sekund\u0119.Baza towarowa kasy mie\u015bci do 6143 pozycje. Sprzeda\u017c na kasie mo\u017cna prowadzi\u0107 zar\u00f3wno w trybie komputerowym jak i tzw. ECR \u2013 zale\u017cnie od tego, do kt\u00f3rego sposobu przyzwyczajony jest u\u017cytkownik.<br \/>\nKasa posiada wszystkie wymagane przepisami funkcje zwi\u0105zane z walutami: prezentacj\u0119 r\u00f3wnowarto\u015bci w drugiej walucie w relacji PLN\/EUR, mo\u017cliwo\u015b\u0107 rozliczenia paragonu w wielu walutach oraz szczeg\u00f3\u0142owe rozliczenie kasjera. Wsp\u00f3\u0142pracuje on-line z komputerem i najpopularniejszymi urz\u0105dzeniami peryferyjnymi. Posiada szereg funkcji niezb\u0119dnych w nowoczesnych systemach sprzeda\u017cy.<b>Najwa\u017cniejsze cechy kasy ELZAB Jota E<\/b><\/p>\n<ul>\n<li>zapis elektronicznej kopii wydruk\u00f3w na karcie pami\u0119ci microSD,<\/li>\n<li>\u0142atwa wymiana papieru dzi\u0119ki zastosowaniu mechanizmu typu easy load,<\/li>\n<li>praca w sieci LAN\/WAN,<\/li>\n<li>starannie dopracowany i bardzo elastyczny system uprawnie\u0144 (administrowania) kasjer\u00f3w,<\/li>\n<li>raporty umo\u017cliwiaj\u0105ce pe\u0142ne rozliczenie pracy kasjer\u00f3w,<\/li>\n<li>funkcje eliminuj\u0105ce b\u0142\u0119dy kasjera: dok\u0142adno\u015b\u0107 podawanej ilo\u015bci, wielopoziomowe ograniczenia poziomu rabat\u00f3w, maksymalna suma paragonu, maksymalna got\u00f3wka w szufladzie itp.,<\/li>\n<li>komunikacja kasa \u2013 centrala &#8211; kasa za pomoc\u0105 wiadomo\u015bci tekstowych,<\/li>\n<li>obs\u0142uga kart rabatowych,<\/li>\n<li>obs\u0142uga rabat\u00f3w,<\/li>\n<li>obs\u0142uga do 8 walut, szczeg\u00f3\u0142owe raportowanie wp\u0142yw\u00f3w ze sprzeda\u017cy w walutach,<\/li>\n<li>opcja &#8222;zmiennej ceny&#8221; dla wybranych towar\u00f3w,<\/li>\n<li>wydzielona lista podr\u0119czna towar\u00f3w,<\/li>\n<li>wyb\u00f3r towaru do sprzeda\u017cy za pomoc\u0105 numeru w bazie towarowej, nazwy, kodu kreskowego lub zaprogramowanego klawisza,<\/li>\n<li>przegl\u0105danie, korygowanie lub usuwanie pozycji paragonu przed jego zamkni\u0119ciem,<\/li>\n<li>sprzeda\u017c wi\u0105zana, przydatna dla par towar\u00f3w, kt\u00f3re zawsze sprzedawane s\u0105 razem,<\/li>\n<li>przypisanie dodatkowych kod\u00f3w kreskowych do tego samego towaru,<\/li>\n<li>sprzeda\u017c i przyjmowanie opakowa\u0144 zwrotnych,<\/li>\n<li>mo\u017cliwo\u015b\u0107 definiowania klawiszy realizuj\u0105cych szybk\u0105 sprzeda\u017c, p\u0142atno\u015bci, rabaty, raporty i inne funkcje, (6 klawiszy funkcyjnych),<\/li>\n<li>wsp\u00f3\u0142praca z wieloma wagami (system wag Prima), dla potrzeb stoisk bran\u017cowych,<\/li>\n<li>zaawansowana wsp\u00f3\u0142praca z wag\u0105 Prima K,<\/li>\n<li>mo\u017cliwo\u015b\u0107 pod\u0142\u0105czenia terminala kart p\u0142atniczych z obs\u0142ug\u0105 sprzeda\u017cy i wyp\u0142aty got\u00f3wki dla klienta (cashback),<\/li>\n<li>mo\u017cliwo\u015b\u0107 prze\u0142\u0105czenia kasy na sprzeda\u017c towar\u00f3w w innej walucie ewidencyjnej np. euro,<\/li>\n<li>funkcja automatycznego drukowania r\u00f3wnowarto\u015bci w drugiej walucie w relacji PLN\/EUR po paragonie,<\/li>\n<li>funkcja podgl\u0105du paragonu,<\/li>\n<li>obs\u0142uga systemu lojalno\u015bciowego opartego na kodach kreskowych,<\/li>\n<li>mo\u017cliwo\u015b\u0107 udzielania rabat\u00f3w automatycznych.<\/li>\n<\/ul>\n<\/td>\n<td align=\"right\" valign=\"top\" width=\"260\"><img title=\"Czytelny, pod\u015bwietlany na bia\u0142o, czteroliniowy wy\u015bwietlacz kasjera\" src=\"http:\/\/www.elzab.com.pl\/files\/jota_e_wyswietlacz.jpg\" alt=\"Czytelny, pod\u015bwietlany na bia\u0142o, czteroliniowy wy\u015bwietlacz kasjera\" \/><img title=\"\" src=\"http:\/\/www.elzab.com.pl\/files\/jotae_det5.jpg\" alt=\"\" \/><img title=\"Termiczny mechanizm drukuj\u0105cy z bardzo wygodn\u0105 dla u\u017cytkownika funkcj\u0105 easy load\" src=\"http:\/\/www.elzab.com.pl\/files\/jotae_det3.jpg\" alt=\"Termiczny mechanizm drukuj\u0105cy z bardzo wygodn\u0105 dla u\u017cytkownika funkcj\u0105 easy load\" \/><img title=\"Wszystkie z\u0142\u0105cza s\u0105 umieszczone od spodu kasy\" src=\"http:\/\/www.elzab.com.pl\/files\/jotae_lan.jpg\" alt=\"Wszystkie z\u0142\u0105cza s\u0105 umieszczone od spodu kasy\" \/><\/td>\n<\/tr>\n<tr>\n<td colspan=\"2\" valign=\"top\"><b>Wy\u015bwietlacz klienta<\/b><br \/>\nGraficzny wy\u015bwietlacz klienta pozwala wy\u015bwietli\u0107 poza cen\u0105 i warto\u015bci\u0105 do zap\u0142aty r\u00f3wnie\u017c nazw\u0119 towaru i komentarz do transakcji. Informacja o sprzeda\u017cy wy\u015bwietlana jest w 2 liniach \u2013 pierwsza jest lini\u0105 alfanumeryczn\u0105, druga cyfrow\u0105.<b>Wy\u015bwietlacz kasjera <\/b><br \/>\nKasa posiada bardzo wygodny graficzny wy\u015bwietlacz kasjera wy\u015bwietlaj\u0105cy cztery linie po 24 znaki w linii oraz czyteln\u0105 informacj\u0119 o stanie kopii elektronicznej. Wy\u015bwietlacz pozwala na przegl\u0105danie sprzedawanych pozycji, u\u0142atwia i przyspiesza poruszanie si\u0119 po menu kasy. Na bie\u017c\u0105co wy\u015bwietlana jest suma paragonu. Przy podsumowaniu widoczna jest liczba pozycji, suma do zap\u0142aty, otrzymana kwota p\u0142atno\u015bci od klienta, wielko\u015b\u0107 reszty do wydania. Swobodny przegl\u0105d pozycji paragonowych u\u0142atwia kasjerowi prac\u0119 tak\u017ce w sytuacjach, gdy konieczne jest skasowanie towaru.<b>Nak\u0142adka ochronna klawiatury<\/b><br \/>\nKlawiatura kasy mo\u017ce by\u0107 dodatkowo chroniona przed zanieczyszczeniami przez na\u0142o\u017cenie na ni\u0105 silikonowej nak\u0142adki ochronnej. Nak\u0142adka chroni przed py\u0142em (towary sypkie) i przypadkowym rozlaniem p\u0142ynu. Na\u0142o\u017cenie nak\u0142adki wymaga zdj\u0119cia ramki otaczaj\u0105cej klawiatur\u0119, za\u0142o\u017cenia nak\u0142adki i \u201ezaklikni\u0119cia\u201d ramki w pokrywie kasy. Spos\u00f3b jej mocowania przedstawiaj\u0105 rysunki.<img title=\"Nak\u0142adka ochronna klawiatury\" src=\"http:\/\/www.elzab.com.pl\/files\/jotae_nakladka.jpg\" alt=\"Nak\u0142adka ochronna klawiatury\" \/><b>Wsp\u00f3\u0142praca z wagami <\/b><br \/>\nNajefektywniejsz\u0105 wsp\u00f3\u0142prac\u0119 z urz\u0105dzeniem wa\u017c\u0105cym zapewnia pod\u0142\u0105czenie do kasy ELZAB Jota E 6 tys. wagi kalkulacyjnej ELZAB Prima K. Przy takim pod\u0142\u0105czeniu nie trzeba programowa\u0107 wagi baz\u0105 towarow\u0105, waga korzysta z towar\u00f3w zdefiniowanych na kasie. Co szczeg\u00f3lne &#8211; na wadze ELZAB Prima K mo\u017cna r\u00f3wnie\u017c sprzedawa\u0107 towary niewa\u017cone &#8211; wybrane pozycje do sprzeda\u017cy drukowane s\u0105 bezpo\u015brednio na paragonie kasy.<br \/>\nKasa ELZAB Jota E 6 tys. PLU wsp\u00f3\u0142pracuje r\u00f3wnie\u017c z rodzin\u0105 wag i wago-skaner\u00f3w CAT przeznaczonych do zabudowy w blacie lady sprzeda\u017cowej. Przy wsp\u00f3\u0142pracy z wag\u0105 niekalkulacyjn\u0105 CAT17\/VE Vega, przy w\u0142\u0105czonej funkcji dowa\u017cania na kasie mo\u017cliwa jest sprzeda\u017c towaru wa\u017conego za z g\u00f3ry okre\u015blon\u0105 kwot\u0119. Co szczeg\u00f3lne \u2013 wygodnie rozwi\u0105zana zosta\u0142a obs\u0142uga komunikacji z wag\u0105:<br \/>\n<img loading=\"lazy\" src=\"http:\/\/www.elzab.com.pl\/files\/klawisz_waga.jpg\" alt=\"\" width=\"150\" height=\"62\" align=\"middle\" border=\"0\" \/>\u00a0\u00a0klawisz do obs\u0142ugi odczytu wagi i dowa\u017cania<br \/>\nZa po\u015brednictwem <a title=\"zobacz: Rozdzielacz wag ELZAB Prima\" href=\"http:\/\/www.elzab.com.pl\/rozdzielacz_wag\" target=\"_blank\">\u00bb rozdzielacza wag<\/a> mo\u017cna do niej pod\u0142\u0105czy\u0107 do 4 wag.<b>Wsp\u00f3\u0142praca z terminalami kart p\u0142atniczych<\/b><br \/>\nKasa ELZAB Jota E (6143 PLU) wsp\u00f3\u0142pracuje z nast\u0119puj\u0105cymi terminalami:1. CARTADIS TCP &#8211; CARTADIS TCP2 \/ protok\u00f3\u0142 v.2.2<br \/>\n2. FIRSTDATA &#8211; Verifone Vx510 \/ protok\u00f3\u0142 v.2.6<br \/>\n3. ESERVICE &#8211; Verifone Vx510 \/protok\u00f3\u0142 v.2.1<br \/>\n4. ELAVON &#8211; Hyperom Optimum T4200<br \/>\n5. NOVITUS &#8211; Engenico 5100 \/ protok\u00f3\u0142 v.1.2.2a<br \/>\n6. PEP &#8211; Verifone Vx510 \/ protok\u00f3\u0142 v.1.2.0.9<\/p>\n<p>Wsp\u00f3\u0142pracuj\u0105c z terminalem kasa ma mo\u017cliwo\u015b\u0107 rejestracji i raportowania wyp\u0142at z tytu\u0142u cashback pod warunkiem, \u017ce terminal kart p\u0142atniczych realizuje funkcjonalno\u015b\u0107 zwi\u0105zan\u0105 z us\u0142ug\u0105 cashback.<\/p>\n<p><b>Wsp\u00f3\u0142praca z drukark\u0105 zam\u00f3wie\u0144<\/b><br \/>\nDrukark\u0119 Elzab Kuchta mo\u017cna pod\u0142\u0105czy\u0107 bezpo\u015brednio do \u201ez\u0142\u0105cza PC\u201d kasy. Pod\u0142\u0105czaj\u0105c do \u201ez\u0142\u0105cza EXT\u201d modu\u0142 rozszerze\u0144 mo\u017cliwe jest r\u00f3wnie\u017c sterowaniem drukark\u0105 Elzab Talos lub Elzab Kuchta. Na drukark\u0119 wysy\u0142ane s\u0105 nazwy i ilo\u015bci sprzedanych towar\u00f3w. Dodatkowo drukowany jest numer zam\u00f3wienia, numer kasy i kasjera oraz data i czas.<\/p>\n<p><b>Monitoring sprzeda\u017cy<\/b><br \/>\nPrzez z\u0142\u0105cze rozszerze\u0144 (EXT) mo\u017cliwe jest przekazywanie zdarze\u0144 z kasy na rejestrator do obs\u0142ugi video &#8211; monitoringu transakcji. Monitoring sprzeda\u017cy wymaga zastosowania modu\u0142u rozszerze\u0144.<\/p>\n<p><b>Wiadomo\u015bci sms &#8211; informacje z kasy prosto do centrali<\/b><br \/>\nZa po\u015brednictwem funkcji &#8222;wiadomo\u015bci kasjera&#8221; kasa ELZAB Jota E 6 tys. PLU pozwala komunikowa\u0107 si\u0119 w instalacjach rozproszonych pomi\u0119dzy sklepem a central\u0105.<br \/>\nFunkcja pozwala na przyk\u0142ad na zrealizowanie zam\u00f3wienia sklepu do centrali. Tre\u015b\u0107 wiadomo\u015bci wychodz\u0105cej zapisywana jest do bufora kasy i podobnie jak pozycje paragonowe, podczas transmisji przesy\u0142ana do centrali.<\/td>\n<\/tr>\n<\/tbody>\n<\/table>\n<\/div>\n<\/div>\n","protected":false},"excerpt":{"rendered":"<p>\u00a0\u00a0\u00a0\u00a0\u00a0 Ma\u0142a kasa, du\u017ce mo\u017cliwo\u015bci Kasa ELZAB Jota E 6 tys. PLU jest kas\u0105 z kopi\u0105 elektroniczn\u0105 paragon\u00f3w i funkcjonalno\u015bci\u0105 r\u00f3wn\u0105 kasom segmentu \u015bredniego. Jest to kasa dedykowana dla mniejszych sklep\u00f3w spo\u017cywczych, sklep\u00f3w mi\u0119snych, cukierni, piekarni, ma\u0142ej gastronomii, szczeg\u00f3lnie tam, gdzie mo\u017cliwa jest praca w sieci LAN\/WAN. Charakterystyka kasy Obudowa kasy przyci\u0105ga uwag\u0119 nowoczesn\u0105 lini\u0105 &hellip; <a href=\"https:\/\/www.skelpie.eu\/?page_id=162\" class=\"more-link\">Czytaj dalej <span class=\"screen-reader-text\">Kasa fiskalna ELZAB Jota E, KP, LAN<\/span> <span class=\"meta-nav\">&rarr;<\/span><\/a><\/p>\n","protected":false},"author":1,"featured_media":0,"parent":0,"menu_order":0,"comment_status":"closed","ping_status":"closed","template":"","meta":[],"_links":{"self":[{"href":"https:\/\/www.skelpie.eu\/index.php?rest_route=\/wp\/v2\/pages\/162"}],"collection":[{"href":"https:\/\/www.skelpie.eu\/index.php?rest_route=\/wp\/v2\/pages"}],"about":[{"href":"https:\/\/www.skelpie.eu\/index.php?rest_route=\/wp\/v2\/types\/page"}],"author":[{"embeddable":true,"href":"https:\/\/www.skelpie.eu\/index.php?rest_route=\/wp\/v2\/users\/1"}],"replies":[{"embeddable":true,"href":"https:\/\/www.skelpie.eu\/index.php?rest_route=%2Fwp%2Fv2%2Fcomments&post=162"}],"version-history":[{"count":8,"href":"https:\/\/www.skelpie.eu\/index.php?rest_route=\/wp\/v2\/pages\/162\/revisions"}],"predecessor-version":[{"id":514,"href":"https:\/\/www.skelpie.eu\/index.php?rest_route=\/wp\/v2\/pages\/162\/revisions\/514"}],"wp:attachment":[{"href":"https:\/\/www.skelpie.eu\/index.php?rest_route=%2Fwp%2Fv2%2Fmedia&parent=162"}],"curies":[{"name":"wp","href":"https:\/\/api.w.org\/{rel}","templated":true}]}}