{"id":198,"date":"2015-02-05T21:24:54","date_gmt":"2015-02-05T21:24:54","guid":{"rendered":"http:\/\/192.168.1.110\/skelpie\/?page_id=198"},"modified":"2015-02-19T20:03:31","modified_gmt":"2015-02-19T20:03:31","slug":"elzab-mini-e","status":"publish","type":"page","link":"https:\/\/www.skelpie.eu\/?page_id=198","title":{"rendered":"Kasa fiskalna Elzab Mini E"},"content":{"rendered":"<h1>Kasa ELZAB Mini E<\/h1>\n<div class=\"node\">\n<div class=\"links\"><\/div>\n<div class=\"content\">\n<table border=\"0\" width=\"95%\" cellspacing=\"0\" cellpadding=\"0\">\n<tbody>\n<tr>\n<td rowspan=\"2\"><a title=\"Kasa ELZAB Mini E\" href=\"http:\/\/www.elzab.com.pl\/files\/kasa-mini-e.jpg\" target=\"_blank\" rel=\"lightbox\"><img class=\"aligncenter\" src=\"http:\/\/www.elzab.com.pl\/files\/kasa-mini-e_m.jpg\" alt=\"Mini E\" \/><img class=\"aligncenter\" src=\"http:\/\/www.elzab.com.pl\/files\/2_medale.jpg\" alt=\"\" align=\"top\" border=\"0\" \/><\/a><\/p>\n<p><a title=\"Kasa ELZAB Mini E\" href=\"http:\/\/www.elzab.com.pl\/files\/kasa-mini-e.jpg\" target=\"_blank\" rel=\"lightbox\">Medal Europejski dla kasy ELZAB Mini przyznany przez Komitet Integracji Europejskiej i Business Centre Club.<br \/>\n<\/a><\/p>\n<p><b>PROFESJONALNA<\/b><br \/>\nZdaniem eksperta: <i>\u201eKasa ELZAB Mini E to niezawodna kasa posiadaj\u0105ca udogodnienia przygotowane z my\u015bl\u0105 o u\u017cytkownikach wystawiaj\u0105cych powtarzaj\u0105ce si\u0119 w tre\u015bci paragony. Na karcie microSD mie\u015bci si\u0119 oko\u0142o miliona paragon\u00f3w.\u201d<\/i><\/p>\n<p>&nbsp;<\/td>\n<td valign=\"top\"><\/td>\n<td class=\"tekstmaly\" valign=\"top\"><\/td>\n<\/tr>\n<tr>\n<td colspan=\"2\" valign=\"top\"><\/td>\n<\/tr>\n<\/tbody>\n<\/table>\n<div id=\"mini_cechy\">\n<table border=\"0\" width=\"98%\" cellspacing=\"0\" cellpadding=\"5\">\n<tbody>\n<tr>\n<td colspan=\"2\">ELZAB Mini E to ma\u0142a i prosta w obs\u0142udze kasa z funkcj\u0105 kopii elektronicznej, idealna dla us\u0142ugodawc\u00f3w i ma\u0142ych plac\u00f3wek handlowych. Ma\u0142e wymiary i waga oraz dodatkowe wyposa\u017cenie sprawiaj\u0105, \u017ce mo\u017ce by\u0107 u\u017cytkowana jako kasa stacjonarna, ale dzi\u0119ki bardzo wydajnemu akumulatorowi Li-Ion idealnie sprawdzi si\u0119 r\u00f3wnie\u017c w pracy mobilnej.<br \/>\nUmo\u017cliwia wprowadzenie na paragonie NIP nabywcy, zgodnie z regulacjami obowi\u0105zuj\u0105cymi od 2013 r. (kasa z homologacj\u0105 z 18.12.2013 r.)<\/p>\n<h3><b>WARTE PODKRE\u015aLENIA<\/b><\/h3>\n<ul>\n<li>dzi\u0119ki funkcji <i>easy load<\/i> mechanizm drukuj\u0105cy pozwala na szybk\u0105 wymian\u0119 papieru &#8211; wrzu\u0107 rolk\u0119, zamknij pokryw\u0119 i drukuj<\/li>\n<li>wydruk paragon\u00f3w z pr\u0119dko\u015bci\u0105 15 wierszy\/sekund\u0119<\/li>\n<li>wydajny akumulator Li-Ion umo\u017cliwia prac\u0119 bez zasilania sieciowego przez czas 10 godzin<\/li>\n<li>d\u0142uga rolka papieru (a\u017c 40 m)<\/li>\n<li>dwie opcje kolorystyczne<\/li>\n<\/ul>\n<\/td>\n<\/tr>\n<tr>\n<td><b>CECHY U\u017bYTKOWE<\/b><br \/>\n<b>Klawiatura<\/b><br \/>\nKlawiatura zbudowana jest z trwa\u0142ych i niezawodnych prze\u0142\u0105cznik\u00f3w. Posiada 30 klawiszy wielofunkcyjnych, pokrytych foli\u0105 o bardzo wysokiej wytrzyma\u0142o\u015bci, odpornej na zachlapanie.<br \/>\nMo\u017cliwo\u015b\u0107 definiowania klawiszy.<b>Wymienna wk\u0142adka klawiatury<\/b><br \/>\nPod foli\u0105 znajduje si\u0119 wk\u0142adka papierowa z opisem klawiszy. Mo\u017cna j\u0105 wyj\u0105\u0107, opisa\u0107 r\u0119cznie lub zast\u0105pi\u0107 nowym wydrukiem.<b>Mobilno\u015b\u0107<\/b><br \/>\nKasa jest przystosowana do pracy mobilnej, mo\u017ce by\u0107 zasilana z instalacji samochodowej.<\/p>\n<p><b>Definiowanie klawiszy<\/b><br \/>\nKa\u017cdy klawisz mo\u017ce mie\u0107 nawet 4 znaczenia. Do klawisza mo\u017cna przypisa\u0107 okre\u015blone towary, formy p\u0142atno\u015bci (got\u00f3wka, karta kredytowa, czek, bon) lub funkcje (kasjera lub kierownika, a nawet tak specyficzne jak wy\u0142\u0105czenie kasy).<\/p>\n<p><b>Zalety kasy ELZAB Mini E<\/b><\/p>\n<ol>\n<li>bezawaryjno\u015b\u0107<\/li>\n<li>bezpieczny i \u0142atwy do odczytu zapis elektroniczny<\/li>\n<li>definiowalne klawisze szybkiej sprzeda\u017cy<\/li>\n<li>intuicyjne wyszukiwanie towar\u00f3w w bazie<\/li>\n<li>mo\u017cliwo\u015b\u0107 przygotowania szczeg\u00f3\u0142owych raport\u00f3w rozlicze\u0144<\/li>\n<li>brak w obudowie element\u00f3w wystaj\u0105cych \u2013 kas\u0119 mo\u017cna \u0142atwo utrzyma\u0107 w czysto\u015bci<\/li>\n<li>wymiana wk\u0142adki klawiatury opisana najcz\u0119\u015bciej sprzedawanymi us\u0142ugami<\/li>\n<li>jedyna na rynku kasa z py\u0142oszczeln\u0105 klawiatur\u0105<\/li>\n<\/ol>\n<p><b>Klawisz szybkiej sprzeda\u017cy towaru<\/b><br \/>\nMo\u017cna r\u00f3wnie\u017c zdefiniowa\u0107 klawisz szybkiej sprzeda\u017cy towaru tak, aby ka\u017cde jego naci\u015bni\u0119cie powodowa\u0142o od razu wydruk paragonu z jedn\u0105 pozycj\u0105 sprzeda\u017cy, zap\u0142aconego got\u00f3wk\u0105. Kasjer mo\u017ce wtedy wystawia\u0107 paragony przy minimalnym zaanga\u017cowaniu uwagi.<br \/>\nTo doskona\u0142e udogodnienie dla sprzedaj\u0105cych np. bilety w \u015brodkach komunikacji, kinach, muzeach, na imprezach, a tak\u017ce dla wystawiaj\u0105cych paragony na parkingach.<\/td>\n<td valign=\"top\"><img src=\"http:\/\/www.elzab.com.pl\/files\/mini_e4a.jpg\" alt=\"\" border=\"0\" \/><img src=\"http:\/\/www.elzab.com.pl\/files\/mini_e5a.jpg\" alt=\"\" border=\"0\" \/><\/p>\n<p><img src=\"http:\/\/www.elzab.com.pl\/files\/mini_e9a.jpg\" alt=\"\" border=\"0\" \/><\/td>\n<\/tr>\n<tr>\n<td colspan=\"2\"><b>Obs\u0142uga typowych zdarze\u0144<\/b><\/p>\n<ul>\n<li>udzielanie rabatu lub narzutu na poszczeg\u00f3lne pozycje paragonu oraz rabatu na ca\u0142y paragon<\/li>\n<li>dost\u0119pne wprowadzenie ceny towaru w chwili sprzeda\u017cy (sprzeda\u017c ze zmienn\u0105 cen\u0105)<\/li>\n<li>przegl\u0105danie i kasowanie pozycji sprzeda\u017cy w trakcie wystawiania paragonu<\/li>\n<li>sprzeda\u017c i przyjmowanie opakowa\u0144 zwrotnych<\/li>\n<li>sprzeda\u017c wi\u0105zana, przydatna dla tych par towar\u00f3w, kt\u00f3re s\u0105 zawsze sprzedawane razem<\/li>\n<\/ul>\n<\/td>\n<\/tr>\n<\/tbody>\n<\/table>\n<\/div>\n<\/div>\n<\/div>\n<p>&nbsp;<\/p>\n","protected":false},"excerpt":{"rendered":"<p>Kasa ELZAB Mini E Medal Europejski dla kasy ELZAB Mini przyznany przez Komitet Integracji Europejskiej i Business Centre Club. PROFESJONALNA Zdaniem eksperta: \u201eKasa ELZAB Mini E to niezawodna kasa posiadaj\u0105ca udogodnienia przygotowane z my\u015bl\u0105 o u\u017cytkownikach wystawiaj\u0105cych powtarzaj\u0105ce si\u0119 w tre\u015bci paragony. Na karcie microSD mie\u015bci si\u0119 oko\u0142o miliona paragon\u00f3w.\u201d &nbsp; ELZAB Mini E to &hellip; <a href=\"https:\/\/www.skelpie.eu\/?page_id=198\" class=\"more-link\">Czytaj dalej <span class=\"screen-reader-text\">Kasa fiskalna Elzab Mini E<\/span> <span class=\"meta-nav\">&rarr;<\/span><\/a><\/p>\n","protected":false},"author":1,"featured_media":0,"parent":0,"menu_order":0,"comment_status":"closed","ping_status":"closed","template":"","meta":[],"_links":{"self":[{"href":"https:\/\/www.skelpie.eu\/index.php?rest_route=\/wp\/v2\/pages\/198"}],"collection":[{"href":"https:\/\/www.skelpie.eu\/index.php?rest_route=\/wp\/v2\/pages"}],"about":[{"href":"https:\/\/www.skelpie.eu\/index.php?rest_route=\/wp\/v2\/types\/page"}],"author":[{"embeddable":true,"href":"https:\/\/www.skelpie.eu\/index.php?rest_route=\/wp\/v2\/users\/1"}],"replies":[{"embeddable":true,"href":"https:\/\/www.skelpie.eu\/index.php?rest_route=%2Fwp%2Fv2%2Fcomments&post=198"}],"version-history":[{"count":4,"href":"https:\/\/www.skelpie.eu\/index.php?rest_route=\/wp\/v2\/pages\/198\/revisions"}],"predecessor-version":[{"id":510,"href":"https:\/\/www.skelpie.eu\/index.php?rest_route=\/wp\/v2\/pages\/198\/revisions\/510"}],"wp:attachment":[{"href":"https:\/\/www.skelpie.eu\/index.php?rest_route=%2Fwp%2Fv2%2Fmedia&parent=198"}],"curies":[{"name":"wp","href":"https:\/\/api.w.org\/{rel}","templated":true}]}}