{"id":210,"date":"2015-02-05T22:50:18","date_gmt":"2015-02-05T22:50:18","guid":{"rendered":"http:\/\/192.168.1.110\/skelpie\/?page_id=210"},"modified":"2018-01-17T10:43:40","modified_gmt":"2018-01-17T10:43:40","slug":"o-nas","status":"publish","type":"page","link":"https:\/\/www.skelpie.eu\/?page_id=210","title":{"rendered":"O nas"},"content":{"rendered":"<p style=\"text-align: justify;\">Firma nasza powsta\u0142a w 2000 roku. Od pocz\u0105tku staramy si\u0119 dostarcza\u0107 nieszablonowe i nietypowe rozwi\u0105zania informatyczne dla firm bran\u017cy handlowej. Pocz\u0105tek naszej dzia\u0142alno\u015bci zwi\u0105zany by\u0142 z jedn\u0105 z wi\u0119kszych sieci handlowych w Polsce &#8211; sieci\u0105 Lewiatan. Zaprojektowali\u015bmy i wdro\u017cyli\u015bmy w niej szereg w\u0142asnych rozwi\u0105za\u0144 informatycznych.\u00a0Pierwszym projektem wdro\u017conym przez nasz\u0105 firm\u0119 by\u0142 system ewidencjonowania plac\u00f3wek handlowych INTERSOS \u00a0&#8211; aplikacja ta posiada\u0142a funkcjonalno\u015b\u0107 prowadzenia ewidencji oddzia\u0142owej ok 3500 plac\u00f3wek handlowych. Nast\u0119pnym etapem by\u0142o stworzenie scentralizowanej aplikacji webowej w technologii ASP do wsp\u00f3\u0142pracy z w\/w systemem.<\/p>\n<p style=\"text-align: justify;\">Kolejnym z naszych rozwi\u0105za\u0144 by\u0142o\u00a0opracowanie innowacyjnej koncepcji zarz\u0105dzania kartotek\u0105 asortymentow\u0105 w sieci handlowej. Do tego celu zaprojektowali\u015bmy i powo\u0142ali\u015bmy do \u017cycia projekt EWIKA. Z za\u0142o\u017cenia system ten\u00a0obs\u0142uguje dowoln\u0105 ilo\u015b\u0107 plac\u00f3wek handlowych, zaopatruj\u0105c je w kartoteki towarowe, sklasyfikowane i opisane wg jednolitego klucza. Innowacj\u0105 w tym systemie by\u0142a ca\u0142kowita dowolno\u015b\u0107 konfiguracji sklepu &#8211; system wsp\u00f3\u0142pracuje z dowolnymi konfiguracjami (kasy\/POSy\/wagi) i gwarantuje 100% pokrycia kartotek centralnie prowadzonych. Stworzyli\u015bmy r\u00f3wnie\u017c automat LOGICA samodzielnie rozsy\u0142aj\u0105cy baz\u0119 kartotekow\u0105 do sklep\u00f3w pracuj\u0105cych w uk\u0142adzie scentralizowanym.<\/p>\n<p style=\"text-align: justify;\">W mi\u0119dzyczasie stworzyli\u015bmy kilka aplikacji rozszerzaj\u0105cych mo\u017cliwo\u015bci systemu KC Market. Ciekawsze z nich to:<\/p>\n<p style=\"text-align: justify;\">Modu\u0142 WWW do Presta Shop&#8217;a &#8211; umo\u017cliwiaj\u0105cy prowadzenie sklepu internetowego w oparciu o KC Market &#8211; z natychmiastow\u0105 replikacj\u0105 danych we wszystkich obszarach (ceny, ewidencja, stany, klasyfikacja, kategoria)<\/p>\n<p style=\"text-align: justify;\">Agree &#8211; Program s\u0142u\u017c\u0105cy do zbiorowej analizy por\u00f3wnawczej\u00a0kilku magazyn\u00f3w jednocze\u015bnie &#8211; oparty na technologii tabel przestawnych.<\/p>\n<p style=\"text-align: justify;\">Kolejne nasze rozwi\u0105zania ewoluowa\u0142y i obecnie pracujemy nad rozbudow\u0105 funkcjonalno\u015bci system\u00f3w sprzeda\u017cy na platform\u0119 Android.<\/p>\n<p style=\"text-align: justify;\">Opr\u00f3cz rozwoju w sferze programistycznej mo\u017cemy pochwali\u0107 si\u0119 szeregiem autorskich rozwi\u0105za\u0144 w zakresie instalacji, konfiguracji i serwisu urz\u0105dze\u0144 zwi\u0105zanych z handlem.\u00a0Zajmujemy si\u0119 wdro\u017ceniami i modernizacjami w plac\u00f3wkach handlowych. Obecnie zakres naszych dzia\u0142a\u0144 obejmuje:<\/p>\n<p style=\"text-align: justify;\">&#8211; pe\u0142ne wdro\u017cenia\u00a0system\u00f3w sprzeda\u017cy (KC Market,\u00a0PC Market 7, Subiekt GT\/Nexo itp.)<\/p>\n<p style=\"text-align: justify;\">&#8211; instalacje system\u00f3w monitoringu i zapezpiecze\u0144<\/p>\n<p style=\"text-align: justify;\">&#8211; instalacje sieci lokalnych<\/p>\n<p style=\"text-align: justify;\">&#8211; instalacje i nadz\u00f3r nad\u00a0serwerami<\/p>\n<p style=\"text-align: justify;\">&#8211; instalacje system\u00f3w alarmowych<\/p>\n<p style=\"text-align: justify;\">&#8211; \u00a0instalacje nag\u0142o\u015bnienia<\/p>\n<p style=\"text-align: justify;\">&#8211; integracje system\u00f3w informatycznych<\/p>\n<p style=\"text-align: justify;\">i wiele innych..<\/p>\n<p>&nbsp;<\/p>\n<h5 style=\"text-align: justify;\"><\/h5>\n<p>&nbsp;<\/p>\n","protected":false},"excerpt":{"rendered":"<p>Firma nasza powsta\u0142a w 2000 roku. Od pocz\u0105tku staramy si\u0119 dostarcza\u0107 nieszablonowe i nietypowe rozwi\u0105zania informatyczne dla firm bran\u017cy handlowej. Pocz\u0105tek naszej dzia\u0142alno\u015bci zwi\u0105zany by\u0142 z jedn\u0105 z wi\u0119kszych sieci handlowych w Polsce &#8211; sieci\u0105 Lewiatan. Zaprojektowali\u015bmy i wdro\u017cyli\u015bmy w niej szereg w\u0142asnych rozwi\u0105za\u0144 informatycznych.\u00a0Pierwszym projektem wdro\u017conym przez nasz\u0105 firm\u0119 by\u0142 system ewidencjonowania plac\u00f3wek handlowych &hellip; <a href=\"https:\/\/www.skelpie.eu\/?page_id=210\" class=\"more-link\">Czytaj dalej <span class=\"screen-reader-text\">O nas<\/span> <span class=\"meta-nav\">&rarr;<\/span><\/a><\/p>\n","protected":false},"author":1,"featured_media":0,"parent":0,"menu_order":0,"comment_status":"closed","ping_status":"closed","template":"","meta":[],"_links":{"self":[{"href":"https:\/\/www.skelpie.eu\/index.php?rest_route=\/wp\/v2\/pages\/210"}],"collection":[{"href":"https:\/\/www.skelpie.eu\/index.php?rest_route=\/wp\/v2\/pages"}],"about":[{"href":"https:\/\/www.skelpie.eu\/index.php?rest_route=\/wp\/v2\/types\/page"}],"author":[{"embeddable":true,"href":"https:\/\/www.skelpie.eu\/index.php?rest_route=\/wp\/v2\/users\/1"}],"replies":[{"embeddable":true,"href":"https:\/\/www.skelpie.eu\/index.php?rest_route=%2Fwp%2Fv2%2Fcomments&post=210"}],"version-history":[{"count":5,"href":"https:\/\/www.skelpie.eu\/index.php?rest_route=\/wp\/v2\/pages\/210\/revisions"}],"predecessor-version":[{"id":975,"href":"https:\/\/www.skelpie.eu\/index.php?rest_route=\/wp\/v2\/pages\/210\/revisions\/975"}],"wp:attachment":[{"href":"https:\/\/www.skelpie.eu\/index.php?rest_route=%2Fwp%2Fv2%2Fmedia&parent=210"}],"curies":[{"name":"wp","href":"https:\/\/api.w.org\/{rel}","templated":true}]}}