{"id":358,"date":"2015-02-10T20:36:50","date_gmt":"2015-02-10T20:36:50","guid":{"rendered":"http:\/\/www.skelpie.eu\/?page_id=358"},"modified":"2015-02-10T20:36:50","modified_gmt":"2015-02-10T20:36:50","slug":"przepisy-prawne","status":"publish","type":"page","link":"https:\/\/www.skelpie.eu\/?page_id=358","title":{"rendered":"Przepisy prawne"},"content":{"rendered":"<p>Obowi\u0105zek prowadzenia ewidencji za pomoc\u0105 kas fiskalnych obejmuje zakresy:<\/p>\n<ul>\n<li><b>przedmiotowy<\/b> dla okre\u015blonych rodzaj\u00f3w us\u0142ug<\/li>\n<li><b>podmiotowy<\/b> dla tych, kt\u00f3rzy w 2014 r. przekroczyli 20.000 z\u0142 obrotu na rzecz os\u00f3b fizycznych nieprowadz\u0105cych dzia\u0142alno\u015bci gospodarczej oraz rolnik\u00f3w rycza\u0142towych.<\/li>\n<\/ul>\n<p>Prowadzenie ewidencji za pomoc\u0105 kas fiskalnych w latach 2015-2016 wynika z Ustawy o VAT oraz nowego<a href=\"http:\/\/isap.sejm.gov.pl\/DetailsServlet?id=WDU20140001544\" target=\"_blank&quot;\">Rozporz\u0105dzenia Ministra Finans\u00f3w<\/a> <a href=\"http:\/\/isap.sejm.gov.pl\/DetailsServlet?id=WDU20140001544\" target=\"_blank&quot;\"><img src=\"http:\/\/www.nowipodatnicy.elzab.com.pl\/images\/readmore.png\" alt=\"\" \/><\/a><\/p>\n<p>Nowe rozporz\u0105dzenie, kt\u00f3re wchodzi w \u017cycie 1 stycznia 2015 roku, wskazuje, \u017ce wszyscy Podatnicy b\u0119d\u0105cy w\u0142a\u015bcicielami:<\/p>\n<ul>\n<li>warsztat\u00f3w samochodowych<\/li>\n<li>punkt\u00f3w wymiany opon lub k\u00f3\u0142<\/li>\n<li>stacji diagnostycznych<\/li>\n<li>gabinet\u00f3w lekarskich i dentystycznych<\/li>\n<li>salon\u00f3w fryzjerskich i kosmetycznych<\/li>\n<li>kancelarii prawnych<\/li>\n<li>lokal\u00f3w gastronomicznych<\/li>\n<\/ul>\n<p>kt\u00f3rzy do tej pory korzystali ze zwolnienia z kasy, b\u0119d\u0105 musieli zakupi\u0107 urz\u0105dzenie fiskalne, niezale\u017cnie od wysoko\u015bci osi\u0105ganych obrot\u00f3w.<\/p>\n<p><b>Od kiedy?<\/b><br \/>\nNajp\u00f3\u017aniej od 1 marca 2015 roku.<\/p>\n<p><b>Co zyskuj\u0119 kupuj\u0105c kas\u0119 fiskalna wcze\u015bniej?<\/b><br \/>\nZnalezienie odpowiedniej kasy z wyprzedzeniem, da nam pewno\u015b\u0107, \u017ce zd\u0105\u017cymy z dope\u0142nieniem wszelkich formalno\u015bci i zachowamy prawo do skorzystania ze zwrotu (nawet 700 z\u0142 za ka\u017cde urz\u0105dzenie).<br \/>\nPoza tym wcze\u015bniejszy zakup kasy fiskalnej pozwoli nam nauczy\u0107 si\u0119 obs\u0142ugi kasy w trybie szkoleniowym, a d\u0142u\u017cszy okres szkoleniowy to mniej pomy\u0142ek i sprawniejsza obs\u0142uga urz\u0105dzenia w przysz\u0142o\u015bci.<\/p>\n<p><b>Wysoko\u015b\u0107 zwrotu na zakup kasy fiskalnej<\/b> Podatnikom, kt\u00f3rzy kupuj\u0105 kas\u0119 fiskaln\u0105 po raz pierwszy, przys\u0142uguje odliczenie 90% warto\u015bci netto kasy, nie wi\u0119cej jednak ni\u017c <b>700 z\u0142<\/b> (do odliczenia uprawnia art. 111 ust. 4 ustawy o VAT).<br \/>\nPodatnik mo\u017ce otrzyma\u0107 zwrot za ka\u017cd\u0105 zg\u0142oszon\u0105 przed terminem powstania obowi\u0105zku fiskalizacji kas\u0119 fiskaln\u0105. Dlatego warto si\u0119 zastanowi\u0107 nad kas\u0105 rezerwow\u0105, gdy\u017c po tym terminie nie b\u0119dzie mo\u017cna skorzysta\u0107 ze zwrotu.<\/p>\n<p><b>Nale\u017cy pami\u0119ta\u0107 o tym, \u017ce kasa musi posiada\u0107 aktualn\u0105 homologacj\u0119 Ministerstwa Finans\u00f3w.<\/b><\/p>\n<p><b>Aby skorzysta\u0107 ze zwrotu na zakup kasy, podatnik musi:<\/b><\/p>\n<ol>\n<li>przed terminem rozpocz\u0119cia ewidencjonowania z\u0142o\u017cy\u0107 do naczelnika urz\u0119du skarbowego pisemne zg\u0142oszenie o liczbie kas rejestruj\u0105cych i miejscu (adresie) ich u\u017cywania<\/li>\n<li>rozpocz\u0105\u0107 ewidencjonowanie w obowi\u0105zuj\u0105cym terminie<\/li>\n<li>posiada\u0107 dow\u00f3d zap\u0142aty ca\u0142ej nale\u017cno\u015bci za kas\u0119<\/li>\n<li>w terminie 7 dni od dnia fiskalizacji kasy dokona\u0107 jej zg\u0142oszenia do naczelnika urz\u0119du skarbowego<\/li>\n<\/ol>\n","protected":false},"excerpt":{"rendered":"<p>Obowi\u0105zek prowadzenia ewidencji za pomoc\u0105 kas fiskalnych obejmuje zakresy: przedmiotowy dla okre\u015blonych rodzaj\u00f3w us\u0142ug podmiotowy dla tych, kt\u00f3rzy w 2014 r. przekroczyli 20.000 z\u0142 obrotu na rzecz os\u00f3b fizycznych nieprowadz\u0105cych dzia\u0142alno\u015bci gospodarczej oraz rolnik\u00f3w rycza\u0142towych. Prowadzenie ewidencji za pomoc\u0105 kas fiskalnych w latach 2015-2016 wynika z Ustawy o VAT oraz nowegoRozporz\u0105dzenia Ministra Finans\u00f3w Nowe rozporz\u0105dzenie, &hellip; <a href=\"https:\/\/www.skelpie.eu\/?page_id=358\" class=\"more-link\">Czytaj dalej <span class=\"screen-reader-text\">Przepisy prawne<\/span> <span class=\"meta-nav\">&rarr;<\/span><\/a><\/p>\n","protected":false},"author":1,"featured_media":0,"parent":0,"menu_order":0,"comment_status":"closed","ping_status":"closed","template":"","meta":[],"_links":{"self":[{"href":"https:\/\/www.skelpie.eu\/index.php?rest_route=\/wp\/v2\/pages\/358"}],"collection":[{"href":"https:\/\/www.skelpie.eu\/index.php?rest_route=\/wp\/v2\/pages"}],"about":[{"href":"https:\/\/www.skelpie.eu\/index.php?rest_route=\/wp\/v2\/types\/page"}],"author":[{"embeddable":true,"href":"https:\/\/www.skelpie.eu\/index.php?rest_route=\/wp\/v2\/users\/1"}],"replies":[{"embeddable":true,"href":"https:\/\/www.skelpie.eu\/index.php?rest_route=%2Fwp%2Fv2%2Fcomments&post=358"}],"version-history":[{"count":1,"href":"https:\/\/www.skelpie.eu\/index.php?rest_route=\/wp\/v2\/pages\/358\/revisions"}],"predecessor-version":[{"id":359,"href":"https:\/\/www.skelpie.eu\/index.php?rest_route=\/wp\/v2\/pages\/358\/revisions\/359"}],"wp:attachment":[{"href":"https:\/\/www.skelpie.eu\/index.php?rest_route=%2Fwp%2Fv2%2Fmedia&parent=358"}],"curies":[{"name":"wp","href":"https:\/\/api.w.org\/{rel}","templated":true}]}}