{"id":374,"date":"2015-02-10T21:19:03","date_gmt":"2015-02-10T21:19:03","guid":{"rendered":"http:\/\/www.skelpie.eu\/?page_id=374"},"modified":"2015-02-10T21:33:17","modified_gmt":"2015-02-10T21:33:17","slug":"elzab-k10","status":"publish","type":"page","link":"https:\/\/www.skelpie.eu\/?page_id=374","title":{"rendered":"Kasa fiskalna Elzab K10"},"content":{"rendered":"<div class=\"moduletable\"><\/div>\n<div class=\"item-page\">\n<p><img loading=\"lazy\" class=\" wp-image-377 size-medium alignnone aligncenter\" src=\"http:\/\/www.skelpie.eu\/wp-content\/uploads\/2015\/02\/elzab-k10.2_f-300x240.jpg\" alt=\"elzab-k10.2_f\" width=\"300\" height=\"240\" srcset=\"https:\/\/www.skelpie.eu\/wp-content\/uploads\/2015\/02\/elzab-k10.2_f-300x240.jpg 300w, https:\/\/www.skelpie.eu\/wp-content\/uploads\/2015\/02\/elzab-k10.2_f.jpg 1000w\" sizes=\"(max-width: 300px) 100vw, 300px\" \/><img loading=\"lazy\" class=\"wp-image-378 size-medium aligncenter\" src=\"http:\/\/www.skelpie.eu\/wp-content\/uploads\/2015\/02\/elzab-k10.1_f-300x240.jpg\" alt=\"elzab-k10.1_f\" width=\"300\" height=\"240\" srcset=\"https:\/\/www.skelpie.eu\/wp-content\/uploads\/2015\/02\/elzab-k10.1_f-300x240.jpg 300w, https:\/\/www.skelpie.eu\/wp-content\/uploads\/2015\/02\/elzab-k10.1_f.jpg 1000w\" sizes=\"(max-width: 300px) 100vw, 300px\" \/><\/p>\n<table class=\"table2\" border=\"1\" frame=\"below\" rules=\"rows\" cellspacing=\"0\" cellpadding=\"0\">\n<tbody>\n<tr class=\"a\">\n<td colspan=\"2\">CECHY I ZALETY<\/td>\n<\/tr>\n<tr>\n<td width=\"30%\"><b>Pierwsza kasa na rynku z panelem dotykowym<\/b><\/td>\n<td>\n<ul>\n<li>kolorowy wy\u015bwietlacz typu TFT z panelem dotykowym zamiast tradycyjnej klawiatury (cz\u0119\u015b\u0107 wy\u015bwietlacza spe\u0142nia funkcje wy\u015bwietlacza dla kasjera, a cz\u0119\u015b\u0107 klawiatury dotykowej)<\/li>\n<li>prostota obs\u0142ugi<\/li>\n<li>czytelny wy\u015bwietlacz (zar\u00f3wno przy s\u0142abym o\u015bwietleniu jak i w ostrym s\u0142o\u0144cu)<\/li>\n<li>obs\u0142uga nawet w zimowych r\u0119kawicach<\/li>\n<li>ilo\u015b\u0107 i wielko\u015b\u0107 klawiszy zmienia si\u0119 kontekstowo, intuicyjne rozwi\u0105zania znane z telefon\u00f3w kom\u00f3rkowych<\/li>\n<\/ul>\n<\/td>\n<\/tr>\n<tr>\n<td><b>Dwukomponentowa obudowa<\/b><\/td>\n<td>\n<ul>\n<li>wewn\u0105trz twardy ABS &#8211; obudowa wytrzyma\u0142a na uszkodzenia mechaniczne<\/li>\n<li>na zewn\u0105trz mi\u0119kki elastomer &#8211; antypo\u015blizgowa obudowa u\u0142atwia trzymanie w r\u0119ku i stabiln\u0105 prac\u0119 na ladzie<\/li>\n<\/ul>\n<\/td>\n<\/tr>\n<tr>\n<td><b>Mobilna &#8211; do pracy stacjonarnej jak i w terenie<\/b><\/td>\n<td>\n<ul>\n<li>odpinana smycz (do przenoszenia, zabezpiecza przed kradzie\u017c\u0105)<\/li>\n<li>lekka (waga 0,65 kg)<\/li>\n<li>mo\u017cliwo\u015b\u0107 zamontowania do pod\u0142o\u017ca<\/li>\n<li>nadaje si\u0119 do pracy zar\u00f3wno w us\u0142ugach jak i ma\u0142ych plac\u00f3wkach handlowych<\/li>\n<\/ul>\n<\/td>\n<\/tr>\n<tr>\n<td><b>Elektroniczna kopia paragon\u00f3w<\/b><\/td>\n<td>\n<ul>\n<li>wystarcza na 5 lat pracy<\/li>\n<li>obni\u017ca koszty zakupu papieru<\/li>\n<li>nie trzeba gromadzi\u0107 papierowych kopii paragon\u00f3w<\/li>\n<li>\u0142atwa w utrzymaniu czysto\u015bci<\/li>\n<\/ul>\n<\/td>\n<\/tr>\n<tr>\n<td><b>Zasilacz<\/b><\/td>\n<td>\n<ul>\n<li>sieciowy 12V\/1A<\/li>\n<li>mo\u017cliwe zasilanie bezpo\u015brednio z instalacji samochodowej 12V<\/li>\n<\/ul>\n<\/td>\n<\/tr>\n<tr>\n<td><b>Akumulator<\/b><\/td>\n<td>\n<ul>\n<li>typu Li-Ion<\/li>\n<li>mo\u017cna go \u0142atwo od\u0142\u0105czy\u0107 i wymieni\u0107 na inny<\/li>\n<li>sygnalizacja stanu \u0142adowania za pomoc\u0105 diody na pasku stanu kasy<\/li>\n<\/ul>\n<\/td>\n<\/tr>\n<tr>\n<td><b>Kilka opcji kolorystycznych obudowy<\/b><\/td>\n<td>\n<ul>\n<li>pasuje do wn\u0119trz klasycznych i nowoczesnych<\/li>\n<\/ul>\n<\/td>\n<\/tr>\n<tr>\n<td><b>Wy\u015bwietlacz klienta<\/b><\/td>\n<td>\n<ul>\n<li>bia\u0142y \u2013 w technologii pozytywowej<\/li>\n<li>czytelny bez pod\u015bwietlenia<\/li>\n<\/ul>\n<\/td>\n<\/tr>\n<tr>\n<td><b>Materia\u0142y eksploatacyjne<\/b><\/td>\n<td>\n<ul>\n<li>szeroko\u015b\u0107 papieru 57mm, d\u0142ugo\u015b\u0107 18m<\/li>\n<li>mechanizm easy load (\u0142atwa wymiana papieru)<\/li>\n<\/ul>\n<\/td>\n<\/tr>\n<tr>\n<td><b>Z\u0142\u0105cza<\/b><\/td>\n<td>\n<ul>\n<li>mini USB &#8211; komunikacja z PC<\/li>\n<li>USB (host) &#8211; z\u0142\u0105cze pendrive \u2013 backup danych z kasy, wgranie bazy towarowej<\/li>\n<li>szuflada &#8211; poprzez z\u0142\u0105cze zasilania<\/li>\n<li>czytnik kod\u00f3w kreskowych \u2013 poprzez <a title=\"www.elzab.com.pl\/modul_bt\" href=\"http:\/\/www.elzab.com.pl\/modul_bt\" target=\"_blank\">modu\u0142 Bluetooth<\/a> tylko w wersji K10 z pakietem rozszerze\u0144<\/li>\n<\/ul>\n<\/td>\n<\/tr>\n<\/tbody>\n<\/table>\n<\/div>\n","protected":false},"excerpt":{"rendered":"<p>CECHY I ZALETY Pierwsza kasa na rynku z panelem dotykowym kolorowy wy\u015bwietlacz typu TFT z panelem dotykowym zamiast tradycyjnej klawiatury (cz\u0119\u015b\u0107 wy\u015bwietlacza spe\u0142nia funkcje wy\u015bwietlacza dla kasjera, a cz\u0119\u015b\u0107 klawiatury dotykowej) prostota obs\u0142ugi czytelny wy\u015bwietlacz (zar\u00f3wno przy s\u0142abym o\u015bwietleniu jak i w ostrym s\u0142o\u0144cu) obs\u0142uga nawet w zimowych r\u0119kawicach ilo\u015b\u0107 i wielko\u015b\u0107 klawiszy zmienia si\u0119 &hellip; <a href=\"https:\/\/www.skelpie.eu\/?page_id=374\" class=\"more-link\">Czytaj dalej <span class=\"screen-reader-text\">Kasa fiskalna Elzab K10<\/span> <span class=\"meta-nav\">&rarr;<\/span><\/a><\/p>\n","protected":false},"author":1,"featured_media":0,"parent":0,"menu_order":0,"comment_status":"closed","ping_status":"closed","template":"","meta":[],"_links":{"self":[{"href":"https:\/\/www.skelpie.eu\/index.php?rest_route=\/wp\/v2\/pages\/374"}],"collection":[{"href":"https:\/\/www.skelpie.eu\/index.php?rest_route=\/wp\/v2\/pages"}],"about":[{"href":"https:\/\/www.skelpie.eu\/index.php?rest_route=\/wp\/v2\/types\/page"}],"author":[{"embeddable":true,"href":"https:\/\/www.skelpie.eu\/index.php?rest_route=\/wp\/v2\/users\/1"}],"replies":[{"embeddable":true,"href":"https:\/\/www.skelpie.eu\/index.php?rest_route=%2Fwp%2Fv2%2Fcomments&post=374"}],"version-history":[{"count":7,"href":"https:\/\/www.skelpie.eu\/index.php?rest_route=\/wp\/v2\/pages\/374\/revisions"}],"predecessor-version":[{"id":393,"href":"https:\/\/www.skelpie.eu\/index.php?rest_route=\/wp\/v2\/pages\/374\/revisions\/393"}],"wp:attachment":[{"href":"https:\/\/www.skelpie.eu\/index.php?rest_route=%2Fwp%2Fv2%2Fmedia&parent=374"}],"curies":[{"name":"wp","href":"https:\/\/api.w.org\/{rel}","templated":true}]}}