{"id":388,"date":"2015-02-10T21:26:04","date_gmt":"2015-02-10T21:26:04","guid":{"rendered":"http:\/\/www.skelpie.eu\/?page_id=388"},"modified":"2015-02-19T20:28:53","modified_gmt":"2015-02-19T20:28:53","slug":"drukarka-fiskalna-elzab-mera","status":"publish","type":"page","link":"https:\/\/www.skelpie.eu\/?page_id=388","title":{"rendered":"Drukarka fiskalna Elzab Mera"},"content":{"rendered":"<p><img loading=\"lazy\" class=\"aligncenter\" src=\"http:\/\/www.elzab.com.pl\/files\/mera_ral9011_wyswietlacz.jpg\" alt=\"Graficzny, pod\u015bwietlany wy\u015bwietlacz LCD\" width=\"250\" height=\"214\" border=\"0\" \/><\/p>\n<p><img loading=\"lazy\" class=\"aligncenter\" src=\"http:\/\/www.elzab.com.pl\/files\/mera_ral9011_podstawa.jpg\" alt=\"Wszystkie z\u0142\u0105cza wyprowadzone s\u0105 od do\u0142u\" width=\"250\" height=\"142\" border=\"0\" \/><\/p>\n<p><img class=\"aligncenter\" src=\"http:\/\/www.elzab.com.pl\/files\/mera_uchylnywyswietlacz_m.jpg\" alt=\"\" border=\"0\" \/><\/p>\n<p style=\"text-align: justify;\">\n<p style=\"text-align: justify;\"><b>Charakterystyka urz\u0105dzenia<\/b><br \/>\nELZAB Mera to pierwsza drukarka ELZABu dedykowana dla supermarket\u00f3w i miejsc, kt\u00f3re wymagaj\u0105 solidnego mechanizmu drukuj\u0105cego, du\u017cej szybko\u015bci wydruku paragon\u00f3w i d\u0142u\u017cszych ni\u017c standardowe rolek papieru. Dzi\u0119ki du\u017cej liczbie (200 tysi\u0119cy) obs\u0142ugiwanych towar\u00f3w drukarka ELZAB Mera mo\u017ce by\u0107 u\u017cywana w plac\u00f3wkach o najwi\u0119kszym asortymencie (supermarkety, hipermarkety, sk\u0142ady, hurtownie).<br \/>\nSpe\u0142nia wszystkie wymagania, jakie stawia nowoczesny handel detaliczny i hurtowy.Ze wzgl\u0119du na ma\u0142e pole podstawy, proporcje i zwarto\u015b\u0107 obudowy jest szczeg\u00f3lnie polecana do aran\u017cacji kompaktowych stanowisk POS.<br \/>\nZastosowane podzespo\u0142y i rozwi\u0105zania konstrukcyjne umo\u017cliwi\u0142y stworzenie drukarki o niewielkich rozmiarach, a jednocze\u015bnie, w por\u00f3wnaniu z innymi drukarkami pracuj\u0105cymi na rynku, znacz\u0105ce zwi\u0119kszenie szybko\u015bci drukowania, szybko\u015bci komunikacji z komputerem oraz miejsca na znacznie d\u0142u\u017csze ni\u017c standardowe rolki papieru. Wszystkie z\u0142\u0105cza wyprowadzone s\u0105 od do\u0142u, co zapewnia estetyk\u0119 instalacji i pewno\u015b\u0107 po\u0142\u0105cze\u0144. Z\u0142\u0105cze USB, obok z\u0142\u0105cza RS232 umo\u017cliwia wsp\u00f3\u0142prac\u0119 z ka\u017cdym komputerem.<\/p>\n<p style=\"text-align: justify;\"><b>Wygoda pracy i eksploatacji<\/b><br \/>\nGraficzny, pod\u015bwietlany wy\u015bwietlacz LCD gwarantuje doskona\u0142\u0105 czytelno\u015b\u0107 w ka\u017cdych warunkach o\u015bwietlenia. P\u0142ynna regulacja ustawienia wy\u015bwietlacza w zakresie 380 stopni oraz jego k\u0105ta pochylenia pozwala unikn\u0105\u0107 odbi\u0107 i refleks\u00f3w nawet w pomieszczeniach z silnym, padaj\u0105cym z r\u00f3\u017cnych kierunk\u00f3w \u015bwiat\u0142em. Zar\u00f3wno kontrast jak i jasno\u015b\u0107 pod\u015bwietlenia mo\u017cna regulowa\u0107.<br \/>\nDrukarka umo\u017cliwia wydruk pozycji paragonu zar\u00f3wno na bie\u017c\u0105co &#8211; jedna po drugiej, jak i blokowo.<\/p>\n<p style=\"text-align: justify;\">Przy wsp\u00f3\u0142pracy drukarki ELZAB Mera z programami realizuj\u0105cymi wydruki w trybie &#8222;na bie\u017c\u0105co&#8221;, po ka\u017cdej wydrukowanej pozycji paragonowej na wy\u015bwietlaczu pojawia si\u0119 pe\u0142na informacja z nazw\u0105, cen\u0105 sprzedanego towaru oraz aktualna suma do zap\u0142aty.<br \/>\nPo 45 sekundach od wydrukowania paragonu (czas ten wynika z przepis\u00f3w fiskalnych) na wy\u015bwietlaczu mo\u017cna wy\u015bwietli\u0107 dowoln\u0105 informacj\u0119 dla klienta, kt\u00f3ra mo\u017ce by\u0107 zmieniana raz na dob\u0119. Ekran o rozdzielczo\u015bci 192 x 64 piksele pozwala wy\u015bwietla\u0107 grafik\u0119 (logo firmy i reklamy), has\u0142a promocyjne, komunikaty dla klient\u00f3w, podzi\u0119kowania, zaproszenia oraz prezentowa\u0107 aktualn\u0105 dat\u0119, godzin\u0119 oraz informacj\u0119 o obchodzonych imieninach.<\/p>\n<p style=\"text-align: justify;\">\n<p style=\"text-align: justify;\">\n<p><img loading=\"lazy\" class=\"aligncenter\" src=\"http:\/\/www.elzab.com.pl\/files\/mera_ral9011_pokrywa.jpg\" alt=\"\" width=\"250\" height=\"241\" border=\"0\" \/><\/p>\n<p><img loading=\"lazy\" class=\"aligncenter\" src=\"http:\/\/www.elzab.com.pl\/files\/mera_ral9011_bez_pokrywy.jpg\" alt=\"[Rozmiar: 33540 bajt\u00f3w]\" width=\"250\" height=\"149\" border=\"0\" \/><\/p>\n<p style=\"text-align: justify;\">Dwa termiczne mechanizmy drukuj\u0105ce zapewniaj\u0105 szybki, w pe\u0142ni r\u00f3wnoleg\u0142y wydruk orygina\u0142u i kopii, z efektywn\u0105 pr\u0119dko\u015bci\u0105 19 wierszy\/s ka\u017cdy.<br \/>\nProsty dost\u0119p do mechanizm\u00f3w, poprzez zsuni\u0119cie pokrywy drukarki, u\u0142atwia sprawn\u0105 wymian\u0119 papieru.<br \/>\nW por\u00f3wnaniu z innymi drukarkami dost\u0119pnymi na rynku w ELZAB Mera zastosowano d\u0142u\u017csze o 1\/3 rolki papieru (40m), co znacznie wyd\u0142u\u017ca okres pomi\u0119dzy kolejnymi jego wymianami.Dla oszcz\u0119dno\u015bci papieru mo\u017cna optymalizowa\u0107 posta\u0107 wydruku tak, by pozycja sprzeda\u017cy drukowa\u0142a si\u0119 w jednej linii, a nieznacz\u0105ce zera w pozycji &#8222;ilo\u015b\u0107&#8221; by\u0142y usuwane.<br \/>\nMetalowy n\u00f3\u017c u\u0142atwia r\u00f3wne odrywanie paragonu.<\/p>\n<p style=\"text-align: justify;\">\n<p><b><img class=\"aligncenter\" src=\"http:\/\/www.elzab.com.pl\/files\/mera_c_klawiatura.jpg\" alt=\"\" border=\"0\" \/><\/b><\/p>\n<p style=\"text-align: justify;\"><b>Istotne dla komfortu u\u017cytkowania<\/b><br \/>\nDrukarka sygnalizuje zbli\u017canie si\u0119 daty przegl\u0105du okresowego.W prosty spos\u00f3b komunikuje r\u00f3wnie\u017c sytuacje krytyczne: przej\u015bcie na prac\u0119 na akumulatorze jest sygnalizowane miganiem zielonej diody, brak papieru zapaleniem diody czerwonej.<\/p>\n<p style=\"text-align: justify;\">Wbudowane akumulatory gwarantuj\u0105 prac\u0119 drukarki przez 2 godziny przy \u015bredniej cz\u0119stotliwo\u015bci wystawiania jednego paragonu z 3 pozycjami na minut\u0119.<b>Gotowa na euro<\/b><br \/>\nDrukarka posiada mo\u017cliwo\u015b\u0107 wydruku linii z informacjami o przyj\u0119tych p\u0142atno\u015bciach (got\u00f3wka w z\u0142otych lub w innej walucie, p\u0142atno\u015b\u0107 kart\u0105, bonem), kursie waluty u\u017cytej do zap\u0142aty, jak r\u00f3wnie\u017c informacji o walucie, w kt\u00f3rej zwr\u00f3cono reszt\u0119. Wydrukiem tych linii steruje program sprzeda\u017cy.<b>Wydruki <\/b><br \/>\nELZAB Mera, zgodnie z wymogami polskiego prawa fiskalnego, drukuje wszystkie raporty fiskalne (dobowe, miesi\u0119czne oraz okresowe). Ma mo\u017cliwo\u015b\u0107 druku raport\u00f3w r\u00f3wnie\u017c w trybie autonomicznym (off-line).<\/p>\n<p style=\"text-align: justify;\">\n<p style=\"text-align: justify;\">Urz\u0105dzenie udost\u0119pnia bogaty zestaw formatek niefiskalnych, kt\u00f3re program obs\u0142uguj\u0105cy sprzeda\u017c mo\u017ce wykorzysta\u0107 do wydruk\u00f3w r\u00f3\u017cnorakich operacji, takich jak:<\/p>\n<ul style=\"text-align: justify;\">\n<li>kasowe: potwierdzenie zap\u0142aty kart\u0105 p\u0142atnicz\u0105, stan kasy, raport kasowy bie\u017c\u0105cy i zmianowy, raport transakcji od\u0142o\u017conych, raport funkcji operatora, raport \u015brodk\u00f3w p\u0142atno\u015bci, raport sprzeda\u017cy, pokwitowanie wp\u0142aty i wyp\u0142aty, raport towar\u00f3w, cennik, statystyka sprzeda\u017cy,<\/li>\n<li>obs\u0142ugi sprzeda\u017cy: przedp\u0142ata, zam\u00f3wienie, pokwitowanie dla klienta, bon upominkowy, kupon rabatowy, p\u0142atno\u015b\u0107 za pobraniem, rabat dla pracownika, przelew bankowy,<\/li>\n<li>rozliczenia kasjer\u00f3w: listy kasjer\u00f3w, raport godzinowy, rozliczenie kasjera, waluta w sejfie,<\/li>\n<li>na stacjach benzynowych: raport tankowania, raport alarmu paliwa, bilet do myjni, raport stanu zbiornika, raport dostawy paliw, karta flotowa,<\/li>\n<li>zwi\u0105zane z kartami telefonicznymi: potwierdzenie do\u0142adowania numeru GSM, potwierdzenie zasilenia konta.<\/li>\n<\/ul>\n<p style=\"text-align: justify;\">Na wydrukach mog\u0105 by\u0107 prezentowane pola typu kod kreskowy. Pola tego typu drukowane s\u0105 w postaci &#8222;kod kreskowy&#8221; a pod nim znaki i cyfry zakodowane<br \/>\nw kodzie kreskowym.<\/p>\n<p><img loading=\"lazy\" class=\"aligncenter\" src=\"http:\/\/www.elzab.com.pl\/files\/paragon-mera.gif\" alt=\"\" width=\"250\" height=\"297\" border=\"0\" \/><\/p>\n<p style=\"text-align: justify;\"><b>Wsp\u00f3\u0142praca z programami sprzeda\u017cy i urz\u0105dzeniami<\/b><br \/>\nELZAB Mera wsp\u00f3\u0142pracuje z najpopularniejszymi programami na rynku<br \/>\nProgramy wsp\u00f3\u0142pracuj\u0105ce z drukark\u0105 ELZAB Omega wsp\u00f3\u0142pracuj\u0105 tak\u017ce z drukark\u0105 ELZAB Mera (co najmniej w takim samym zakresie).Wsp\u00f3\u0142pracuj\u0105c z programem sprzeda\u017cy drukarka umo\u017cliwia:<\/p>\n<ul style=\"text-align: justify;\">\n<li>realizacj\u0119 sprzeda\u017cy: drukowanie paragon\u00f3w i kontrolne wydruki bazy nazw towar\u00f3w;<\/li>\n<li>realizacj\u0119 wydruk\u00f3w fiskalnych: fiskalnego dobowego, finansowego podatkowego, okresowego szczeg\u00f3\u0142owego i skr\u00f3conego;<\/li>\n<li>inne wydruki: stanu drukarki, nazw towar\u00f3w zablokowanych, raportu rozliczeniowego, opis\u00f3w sta\u0142ych;<\/li>\n<li>odczyt danych: bie\u017c\u0105cego numeru paragonu, bie\u017c\u0105cego czasu i daty, numeru raportu dobowego, aktualnych stawek podatkowych, statusu drukarki, numeru unikatowego, ilo\u015bci i warto\u015bci paragon\u00f3w anulowanych, totalizer\u00f3w w paragonie, sprzeda\u017cy, sprawdzenie mo\u017cliwo\u015bci wystawienia paragonu, sprawdzenie czy dany towar by\u0142 ju\u017c sprzedawany, w jakiej stawce VAT i czy nie zosta\u0142 zablokowany;<\/li>\n<li>udzielanie rabat\u00f3w: kwotowych na pozycj\u0119 paragonu oraz procentowych i kwotowych na ca\u0142y paragon;<\/li>\n<li>sterowanie szuflad\u0105;<\/li>\n<li>konfigurowanie pr\u0119dko\u015bci transmisji pomi\u0119dzy komputerem a drukark\u0105: do wyboru pr\u0119dko\u015bci 9 600 bit\u00f3w\/s, 19 200 bit\u00f3w\/s i 28 800 bit\u00f3w\/s.<\/li>\n<\/ul>\n<p style=\"text-align: justify;\">Do ELZAB Mera mo\u017cna pod\u0142\u0105czy\u0107 szuflad\u0119 na pieni\u0105dze &#8211; zalecane s\u0105 (dost\u0119pne w r\u00f3\u017cnych wymiarach, aby optymalnie dopasowa\u0107 je do posiadanego miejsca w punkcie sprzeda\u017cy).<br \/>\nJe\u017celi u\u017cytkownikowi zale\u017cy na pe\u0142nej swobodzie w zakresie generowanych wydruk\u00f3w, poza ju\u017c zdefiniowanymi w drukarce, mo\u017ce to osi\u0105gn\u0105\u0107 pod\u0142\u0105czaj\u0105c do komputera drukark\u0119 fiskaln\u0105 ELZAB Mera oraz minidrukark\u0119 termiczn\u0105. ELZAB Talos realizuje w\u00f3wczas wydruki faktur, potwierdze\u0144, pokwitowa\u0144 i autoryzacji, bon\u00f3w promocyjnych, dowod\u00f3w operacji, tekst\u00f3w informacyjnych czy rozlicze\u0144 z systemu lojalno\u015bciowego. Takie rozwi\u0105zanie gwarantuje r\u00f3wnie\u017c nieograniczone rozszerzanie listy wydruk\u00f3w w przysz\u0142o\u015bci i wprowadzanie modyfikacji wraz z nowymi potrzebami.<\/p>\n","protected":false},"excerpt":{"rendered":"<p>Charakterystyka urz\u0105dzenia ELZAB Mera to pierwsza drukarka ELZABu dedykowana dla supermarket\u00f3w i miejsc, kt\u00f3re wymagaj\u0105 solidnego mechanizmu drukuj\u0105cego, du\u017cej szybko\u015bci wydruku paragon\u00f3w i d\u0142u\u017cszych ni\u017c standardowe rolek papieru. Dzi\u0119ki du\u017cej liczbie (200 tysi\u0119cy) obs\u0142ugiwanych towar\u00f3w drukarka ELZAB Mera mo\u017ce by\u0107 u\u017cywana w plac\u00f3wkach o najwi\u0119kszym asortymencie (supermarkety, hipermarkety, sk\u0142ady, hurtownie). Spe\u0142nia wszystkie wymagania, jakie stawia &hellip; <a href=\"https:\/\/www.skelpie.eu\/?page_id=388\" class=\"more-link\">Czytaj dalej <span class=\"screen-reader-text\">Drukarka fiskalna Elzab Mera<\/span> <span class=\"meta-nav\">&rarr;<\/span><\/a><\/p>\n","protected":false},"author":1,"featured_media":0,"parent":0,"menu_order":0,"comment_status":"closed","ping_status":"closed","template":"","meta":[],"_links":{"self":[{"href":"https:\/\/www.skelpie.eu\/index.php?rest_route=\/wp\/v2\/pages\/388"}],"collection":[{"href":"https:\/\/www.skelpie.eu\/index.php?rest_route=\/wp\/v2\/pages"}],"about":[{"href":"https:\/\/www.skelpie.eu\/index.php?rest_route=\/wp\/v2\/types\/page"}],"author":[{"embeddable":true,"href":"https:\/\/www.skelpie.eu\/index.php?rest_route=\/wp\/v2\/users\/1"}],"replies":[{"embeddable":true,"href":"https:\/\/www.skelpie.eu\/index.php?rest_route=%2Fwp%2Fv2%2Fcomments&post=388"}],"version-history":[{"count":3,"href":"https:\/\/www.skelpie.eu\/index.php?rest_route=\/wp\/v2\/pages\/388\/revisions"}],"predecessor-version":[{"id":519,"href":"https:\/\/www.skelpie.eu\/index.php?rest_route=\/wp\/v2\/pages\/388\/revisions\/519"}],"wp:attachment":[{"href":"https:\/\/www.skelpie.eu\/index.php?rest_route=%2Fwp%2Fv2%2Fmedia&parent=388"}],"curies":[{"name":"wp","href":"https:\/\/api.w.org\/{rel}","templated":true}]}}