{"id":531,"date":"2015-02-19T20:43:55","date_gmt":"2015-02-19T20:43:55","guid":{"rendered":"http:\/\/www.skelpie.eu\/?page_id=531"},"modified":"2015-02-19T20:43:55","modified_gmt":"2015-02-19T20:43:55","slug":"elzab-eta-prima","status":"publish","type":"page","link":"https:\/\/www.skelpie.eu\/?page_id=531","title":{"rendered":"Elzab Eta-Prima"},"content":{"rendered":"<p><img class=\"aligncenter\" src=\"http:\/\/www.elzab.com.pl\/files\/eta_prima.jpg\" alt=\"Waga Eta Prima pionowa\" border=\"0\" \/><\/p>\n<ul>\n<li style=\"text-align: justify;\">Waga etykietuj\u0105ca ELZAB Eta-Prima pozwala na prac\u0119 w trybach:\n<ul type=\"circle\" compact=\"compact\">\n<li>samodzielnej wagi metkuj\u0105cej<\/li>\n<li>wagi metkuj\u0105cej i drukarki etykiet w systemie kasowym z komputerem, jako jednego z element\u00f3w systemu kasowego ELZAB Alfa i ELZAB Delta<\/li>\n<\/ul>\n<\/li>\n<li style=\"text-align: justify;\">Informacja o kodzie wprowadzana jest z w\u0142asnej klawiatury, czytnika lub komputera.<\/li>\n<li style=\"text-align: justify;\">Istnieje mo\u017cliwo\u015b\u0107 elastycznego konfigurowania tre\u015bci etykiet. Na etykiecie dost\u0119pne s\u0105 4 linie nag\u0142\u00f3wka i 4 linie stopki.<\/li>\n<li style=\"text-align: justify;\">Urz\u0105dzenie cechuje wyj\u0105tkowo dobra wsp\u00f3\u0142praca z kas\u0105 fiskaln\u0105 oraz dodatkow\u0105 wag\u0105.<\/li>\n<li style=\"text-align: justify;\">Istnieje mo\u017cliwo\u015b\u0107 dowa\u017cania towar\u00f3w na wadze ELZAB Prima &#8211; dodawania towaru na szalk\u0119 wagi w trakcie wa\u017cenia (rozpocz\u0119cie odwa\u017cania przyciskiem ZWA\u017b, a zako\u0144czenie przyciskiem ZATWIERD\u0179, anulowanie ESC).<\/li>\n<li style=\"text-align: justify;\">ELZAB Eta umo\u017cliwia definiowanie kod\u00f3w kreskowych EAN 13 dzielonych (z cen\u0105 lub mas\u0105) z 4-ro lub 5-cio cyfrowym kodem towaru.<\/li>\n<li style=\"text-align: justify;\">Z drukarki etykiet ELZAB Eta wsp\u00f3\u0142pracuj\u0105cej z wag\u0105 mo\u017cna uzyska\u0107 informacje o:\n<ul type=\"circle\" compact=\"compact\">\n<li>sumarycznej masie zwa\u017conych towar\u00f3w<\/li>\n<li>sumie warto\u015bci zwa\u017conych towar\u00f3w<\/li>\n<li>liczbie wydrukowanych etykiet dla ka\u017cdego z towar\u00f3w.<\/li>\n<\/ul>\n<\/li>\n<li style=\"text-align: justify;\">Do drukarki etykiet ELZAB Eta mo\u017cna uzyska\u0107 bezp\u0142atnie program dla u\u017cytkownika s\u0142u\u017c\u0105cy do odczytywania, edytowania i zapisywania danych z i do drukarki etykiet, m. in. danych o towarach, definiowanych klawiszach itd. Programem tym dysponuj\u0105 autoryzowani serwisanci i dealerzy. Ponadto jest on dost\u0119pny w Internecie (www.elzab.com.pl\/ftp\/uzyt.html, plik alfauzyt.zip).<\/li>\n<li style=\"text-align: justify;\">Drukarka ELZAB Eta pozwala na elastyczne konfigurowanie tre\u015bci etykiet. Na drukowanej etykiecie opr\u00f3cz nag\u0142\u00f3wka (4 linie) i kodu kreskowego mo\u017cna umie\u015bci\u0107 r\u00f3wnie\u017c stopk\u0119 z\u0142o\u017con\u0105 z 4 linii opisu, po 20 (lub 40) znak\u00f3w w linii.\n<p>Obecnie istnieje mo\u017cliwo\u015b\u0107 zdefiniowania bazy gotowych stopek (do 200 r\u00f3\u017cnych stopek), a nast\u0119pnie przypisania do konkretnego towaru (kodu) odpowiedniej stopki.<\/p>\n<p>W ten spos\u00f3b mo\u017cna przekazywa\u0107 klientom dodatkowe informacje dotycz\u0105ce sk\u0142adu towaru, sposobu u\u017cytkowania, przechowywania towaru, dodatkowe dane adresowe producenta lub inne komentarze.<\/p>\n<p>Baz\u0119 gotowych stopek mo\u017cna r\u00f3wnie\u017c przygotowa\u0107 przy pomocy programu etastop.exe na komputerze, a nast\u0119pnie wgra\u0107 do drukarki. Program dost\u0119pny jest na stronie internetowej <a href=\"http:\/\/www.elzab.com.pl\/programy\">\u00bb Programy serwisowe, u\u017cytkownika i inne<\/a><\/li>\n<\/ul>\n<p style=\"text-align: justify;\"><img src=\"http:\/\/www.elzab.com.pl\/files\/etykieta1.gif\" alt=\"\" border=\"1\" \/>\u00a0\u00a0\u00a0\u00a0<img src=\"http:\/\/www.elzab.com.pl\/files\/etykieta2.gif\" alt=\"\" border=\"1\" \/><\/p>\n<p style=\"text-align: justify;\">\n<b>ZASTOSOWANIE<\/b><\/p>\n<ul>\n<li style=\"text-align: justify;\">sprzeda\u017c bezpo\u015brednia towar\u00f3w wa\u017conych<\/li>\n<li style=\"text-align: justify;\">konfekcjonowanie towar\u00f3w na zapleczu<\/li>\n<li style=\"text-align: justify;\">metkowanie towar\u00f3w (\u017cywno\u015bci, lek\u00f3w) o okre\u015blonej dacie wa\u017cno\u015bci<\/li>\n<li style=\"text-align: justify;\">drukowanie etykiet ze zmienn\u0105 cen\u0105<\/li>\n<li style=\"text-align: justify;\">drukowanie etykiet na towary przeceniane<\/li>\n<li style=\"text-align: justify;\">kopiowanie etykiet na towary z opakowa\u0144 zbiorczych<\/li>\n<\/ul>\n<p>&nbsp;<\/p>\n<table border=\"0\">\n<tbody>\n<tr>\n<td><b>Typ:<\/b><\/td>\n<td>waga etykietuj\u0105ca<\/td>\n<\/tr>\n<tr>\n<td><b>Ilo\u015b\u0107 PLU:<\/b><\/td>\n<td>9983<\/td>\n<\/tr>\n<tr>\n<td valign=\"TOP\"><b>Tryb pracy:<\/b><\/td>\n<td>\n<ul compact=\"compact\">\n<li>samodzielna waga metkuj\u0105ca<\/li>\n<li>waga metkuj\u0105ca i drukarka etykiet w systemie kasowym z komputerem<\/li>\n<\/ul>\n<\/td>\n<\/tr>\n<tr>\n<td nowrap=\"nowrap\"><b>Mechanizm drukuj\u0105cy:<br \/>\n&#8211; zasada pracy<br \/>\n&#8211; szybko\u015b\u0107 drukowania<br \/>\n<\/b><\/td>\n<td>\ntermiczny<br \/>\n15 wierszy\/ sek.<\/td>\n<\/tr>\n<tr>\n<td valign=\"TOP\"><b>Opis towaru:<\/b><\/td>\n<td>\n<ul compact=\"compact\">\n<li>nazwa o d\u0142ugo\u015bci 19 znak\u00f3w<\/li>\n<li>jednostka miary towaru<\/li>\n<li>kod kreskowy towaru<\/li>\n<li>typ kodu kreskowego: EAN-13, EAN-8<\/li>\n<li>grupa towarowa<\/li>\n<li>cena jednostkowa towaru<\/li>\n<\/ul>\n<\/td>\n<\/tr>\n<tr>\n<td><b>Wy\u015bwietlacz:<br \/>\n&#8211; ELZAB Eta<br \/>\n&#8211; ELZAB Prima<br \/>\n<\/b><\/td>\n<td>\nalfanumeryczny LCD, pod\u015bwietlany,2 x 24 znaki<br \/>\ndiodowy LED (dla klienta i operatora)<\/td>\n<\/tr>\n<tr>\n<td valign=\"TOP\"><b>Klawiatura:<\/b><\/td>\n<td>64 klawisze w tym:<\/p>\n<ul compact=\"compact\">\n<li>37 klawiszy &#8211; klawiatura znakowa z polskimi znakami z mo\u017cliwo\u015bci\u0105 definiowania klawiszy<\/li>\n<li>27 klawiszy &#8211; klawiatura funkcyjna<\/li>\n<\/ul>\n<\/td>\n<\/tr>\n<tr>\n<td><b>Ilo\u015b\u0107 towar\u00f3w dost\u0119pnych za pomoc\u0105 jednego klawisza:<\/b><\/td>\n<td valign=\"TOP\">59 + 49 (z klawiszem Shift)<\/td>\n<\/tr>\n<tr>\n<td><b>Obci\u0105\u017cenie maksymalne:<\/b><\/td>\n<td>15 kg<\/td>\n<\/tr>\n<tr>\n<td><b>Obci\u0105\u017cenie minimalne:<\/b><\/td>\n<td>100 g<\/td>\n<\/tr>\n<tr>\n<td><b>Warto\u015b\u0107 dzia\u0142ki legalizacyjnej i dzia\u0142ki elementarnej:<\/b><\/td>\n<td valign=\"TOP\">e = d = 5 g<\/td>\n<\/tr>\n<tr>\n<td><b>G\u00f3rna granica tary odejmuj\u0105cej:<\/b><\/td>\n<td>T = &#8211; 15 g<\/td>\n<\/tr>\n<tr>\n<td><b>Klasa dok\u0142adno\u015bci:<\/b><\/td>\n<td>III<\/td>\n<\/tr>\n<tr>\n<td valign=\"TOP\"><b>Gniazda:<\/b><\/td>\n<td>\n<ul compact=\"compact\">\n<li>zasilania<\/li>\n<li>komunikacji z PC lub kas\u0105 (RS 232)<\/li>\n<li>wy\u015bwietlacza klienta<\/li>\n<li>czytnika kod\u00f3w kreskowych<\/li>\n<\/ul>\n<\/td>\n<\/tr>\n<tr>\n<td colspan=\"2\">\n<table>\n<tbody>\n<tr>\n<td valign=\"TOP\" width=\"200\"><b>Materia\u0142y eksploatacyjne:<\/b><\/td>\n<td valign=\"TOP\" nowrap=\"nowrap\" bgcolor=\"#FFFFCC\">Papier ci\u0105g\u0142y<\/td>\n<td bgcolor=\"#CCFFCC\">Papier z etykietami<br \/>\n57 x 43 mm<\/td>\n<td valign=\"TOP\" bgcolor=\"#CCFFFF\">Papier z etykietami<br \/>\n35,5 x 25,5mm<\/td>\n<\/tr>\n<tr>\n<td>&#8211; posta\u0107<\/td>\n<td class=\"tekst\" bgcolor=\"#FFFFCC\">rolka<\/td>\n<td bgcolor=\"#CCFFCC\">rolka<\/td>\n<td bgcolor=\"#CCFFFF\">rolka<\/td>\n<\/tr>\n<tr>\n<td>&#8211; szeroko\u015b\u0107<\/td>\n<td class=\"tekst\" bgcolor=\"#FFFFCC\">60 mm<\/td>\n<td bgcolor=\"#CCFFCC\">59 mm<\/td>\n<td class=\"tekst\" bgcolor=\"#CCFFFF\">38,5 mm<\/td>\n<\/tr>\n<tr>\n<td>&#8211; \u015brednica wewn\u0119trzna<\/td>\n<td class=\"tekst\" bgcolor=\"#FFFFCC\">d = 8 mm<\/td>\n<td class=\"tekst\" bgcolor=\"#CCFFCC\">d = 40 mm<\/td>\n<td class=\"tekst\" bgcolor=\"#CCFFFF\">d = 40 mm<\/td>\n<\/tr>\n<tr>\n<td>&#8211; \u015brednica zewn\u0119trzna<\/td>\n<td class=\"tekst\" bgcolor=\"#FFFFCC\">D do 92 mm<\/td>\n<td class=\"tekst\" bgcolor=\"#CCFFCC\">D do 102mm<\/td>\n<td bgcolor=\"#CCFFFF\">D do 102mm<\/td>\n<\/tr>\n<tr>\n<td valign=\"TOP\">&#8211; dodatkowe uwagi<\/td>\n<td align=\"CENTER\" valign=\"MIDDLE\" bgcolor=\"#FFFFCC\">&#8211;<\/td>\n<td bgcolor=\"#CCFFCC\">Etykieta umieszczona centralnie wzgl\u0119dem no\u015bnika<\/td>\n<td bgcolor=\"#CCFFFF\">Etykieta umieszczona centralnie wzgl\u0119dem no\u015bnika<\/td>\n<\/tr>\n<\/tbody>\n<\/table>\n<\/td>\n<\/tr>\n<tr>\n<td><b>Zasilanie:<\/b><\/td>\n<td>220V 15W (max.35W)<\/td>\n<\/tr>\n<tr>\n<td><b>Waga:<\/b><\/td>\n<td>11 kg<\/td>\n<\/tr>\n<tr>\n<td valign=\"TOP\"><b>Wymiary:<br \/>\n&#8211; szalka wagi ELZAB Prima<br \/>\n&#8211; ELZAB Eta-Prima<\/b><\/td>\n<td>\n319 x 254 mm<br \/>\n&#8211; g\u0142\u0119boko\u015b\u0107 350 mm<br \/>\n&#8211; szeroko\u015b\u0107 330 mm<br \/>\n&#8211; wysoko\u015b\u0107 550 mm<\/td>\n<\/tr>\n<tr>\n<td valign=\"TOP\"><b>Wyposa\u017cenie dodatkowe:<\/b><\/td>\n<td>&#8211; czytnik kod\u00f3w kreskowych<br \/>\n&#8211; modem kasowy<br \/>\n&#8211; nak\u0142adka ochronna na klawiatur\u0119<br \/>\n&#8211; wolnostoj\u0105cy wy\u015bwietlacz dla klienta<\/td>\n<\/tr>\n<tr>\n<td><b>Gwarancja:<\/b><\/td>\n<td>12 miesi\u0119cy<\/td>\n<\/tr>\n<\/tbody>\n<\/table>\n","protected":false},"excerpt":{"rendered":"<p>Waga etykietuj\u0105ca ELZAB Eta-Prima pozwala na prac\u0119 w trybach: samodzielnej wagi metkuj\u0105cej wagi metkuj\u0105cej i drukarki etykiet w systemie kasowym z komputerem, jako jednego z element\u00f3w systemu kasowego ELZAB Alfa i ELZAB Delta Informacja o kodzie wprowadzana jest z w\u0142asnej klawiatury, czytnika lub komputera. Istnieje mo\u017cliwo\u015b\u0107 elastycznego konfigurowania tre\u015bci etykiet. Na etykiecie dost\u0119pne s\u0105 4 &hellip; <a href=\"https:\/\/www.skelpie.eu\/?page_id=531\" class=\"more-link\">Czytaj dalej <span class=\"screen-reader-text\">Elzab Eta-Prima<\/span> <span class=\"meta-nav\">&rarr;<\/span><\/a><\/p>\n","protected":false},"author":1,"featured_media":0,"parent":0,"menu_order":0,"comment_status":"closed","ping_status":"closed","template":"","meta":[],"_links":{"self":[{"href":"https:\/\/www.skelpie.eu\/index.php?rest_route=\/wp\/v2\/pages\/531"}],"collection":[{"href":"https:\/\/www.skelpie.eu\/index.php?rest_route=\/wp\/v2\/pages"}],"about":[{"href":"https:\/\/www.skelpie.eu\/index.php?rest_route=\/wp\/v2\/types\/page"}],"author":[{"embeddable":true,"href":"https:\/\/www.skelpie.eu\/index.php?rest_route=\/wp\/v2\/users\/1"}],"replies":[{"embeddable":true,"href":"https:\/\/www.skelpie.eu\/index.php?rest_route=%2Fwp%2Fv2%2Fcomments&post=531"}],"version-history":[{"count":1,"href":"https:\/\/www.skelpie.eu\/index.php?rest_route=\/wp\/v2\/pages\/531\/revisions"}],"predecessor-version":[{"id":532,"href":"https:\/\/www.skelpie.eu\/index.php?rest_route=\/wp\/v2\/pages\/531\/revisions\/532"}],"wp:attachment":[{"href":"https:\/\/www.skelpie.eu\/index.php?rest_route=%2Fwp%2Fv2%2Fmedia&parent=531"}],"curies":[{"name":"wp","href":"https:\/\/api.w.org\/{rel}","templated":true}]}}