{"id":579,"date":"2015-02-19T21:14:42","date_gmt":"2015-02-19T21:14:42","guid":{"rendered":"http:\/\/www.skelpie.eu\/?page_id=579"},"modified":"2015-02-19T21:14:42","modified_gmt":"2015-02-19T21:14:42","slug":"szuflada-kasowa-fliptop","status":"publish","type":"page","link":"https:\/\/www.skelpie.eu\/?page_id=579","title":{"rendered":"Szuflada kasowa FlipTop"},"content":{"rendered":"<p><img loading=\"lazy\" class=\"alignnone aligncenter\" src=\"http:\/\/www.elzab.com.pl\/files\/szuflada_fliptop_standard_m.jpg\" alt=\"Kliknij, aby powi\u0119kszy\u0107\" width=\"300\" height=\"241\" \/><\/p>\n<p style=\"text-align: justify;\">Szuflada modularna jest otwierana do g\u00f3ry, instalowana na kraw\u0119dzi blatu.<\/p>\n<p>Posiada wymienny wk\u0142ad (kasetk\u0119) na pieni\u0105dze oraz dodatkow\u0105 pokryw\u0119 z zamkiem. Dzi\u0119ki temu kasetk\u0119 mo\u017cna przenosi\u0107, a ka\u017cdy z kasjer\u00f3w mo\u017ce posiada\u0107 osobn\u0105 kasetk\u0119 do przechowywania pieni\u0119dzy. Standardowo szuflada wyposa\u017cona jest w kabel z wtyczk\u0105 RJ-12.<\/p>\n<p>Wymiary:<\/p>\n<ul style=\"text-align: justify;\" compact=\"compact\">\n<li>g\u0142\u0119boko\u015b\u0107 170 mm<\/li>\n<li>szeroko\u015b\u0107 460 mm<\/li>\n<li>wysoko\u015b\u0107 100 mm<\/li>\n<\/ul>\n<p style=\"text-align: justify;\">Pod\u0142\u0105czenia:<\/p>\n<ul compact=\"compact\">\n<li style=\"text-align: justify;\">wtyk RJ-12<\/li>\n<li style=\"text-align: justify;\">napi\u0119cie wyzwalania 12 lub 24 V<\/li>\n<\/ul>\n","protected":false},"excerpt":{"rendered":"<p>Szuflada modularna jest otwierana do g\u00f3ry, instalowana na kraw\u0119dzi blatu. Posiada wymienny wk\u0142ad (kasetk\u0119) na pieni\u0105dze oraz dodatkow\u0105 pokryw\u0119 z zamkiem. Dzi\u0119ki temu kasetk\u0119 mo\u017cna przenosi\u0107, a ka\u017cdy z kasjer\u00f3w mo\u017ce posiada\u0107 osobn\u0105 kasetk\u0119 do przechowywania pieni\u0119dzy. Standardowo szuflada wyposa\u017cona jest w kabel z wtyczk\u0105 RJ-12. Wymiary: g\u0142\u0119boko\u015b\u0107 170 mm szeroko\u015b\u0107 460 mm wysoko\u015b\u0107 100 &hellip; <a href=\"https:\/\/www.skelpie.eu\/?page_id=579\" class=\"more-link\">Czytaj dalej <span class=\"screen-reader-text\">Szuflada kasowa FlipTop<\/span> <span class=\"meta-nav\">&rarr;<\/span><\/a><\/p>\n","protected":false},"author":1,"featured_media":0,"parent":0,"menu_order":0,"comment_status":"closed","ping_status":"closed","template":"","meta":[],"_links":{"self":[{"href":"https:\/\/www.skelpie.eu\/index.php?rest_route=\/wp\/v2\/pages\/579"}],"collection":[{"href":"https:\/\/www.skelpie.eu\/index.php?rest_route=\/wp\/v2\/pages"}],"about":[{"href":"https:\/\/www.skelpie.eu\/index.php?rest_route=\/wp\/v2\/types\/page"}],"author":[{"embeddable":true,"href":"https:\/\/www.skelpie.eu\/index.php?rest_route=\/wp\/v2\/users\/1"}],"replies":[{"embeddable":true,"href":"https:\/\/www.skelpie.eu\/index.php?rest_route=%2Fwp%2Fv2%2Fcomments&post=579"}],"version-history":[{"count":1,"href":"https:\/\/www.skelpie.eu\/index.php?rest_route=\/wp\/v2\/pages\/579\/revisions"}],"predecessor-version":[{"id":580,"href":"https:\/\/www.skelpie.eu\/index.php?rest_route=\/wp\/v2\/pages\/579\/revisions\/580"}],"wp:attachment":[{"href":"https:\/\/www.skelpie.eu\/index.php?rest_route=%2Fwp%2Fv2%2Fmedia&parent=579"}],"curies":[{"name":"wp","href":"https:\/\/api.w.org\/{rel}","templated":true}]}}