{"id":726,"date":"2015-03-02T18:33:12","date_gmt":"2015-03-02T18:33:12","guid":{"rendered":"http:\/\/www.skelpie.eu\/?page_id=726"},"modified":"2015-03-02T18:33:12","modified_gmt":"2015-03-02T18:33:12","slug":"motorola-ds9808","status":"publish","type":"page","link":"https:\/\/www.skelpie.eu\/?page_id=726","title":{"rendered":"MOTOROLA DS9808"},"content":{"rendered":"<p><a title=\"MOTOROLA DS9808\" href=\"http:\/\/www.elzab.com.pl\/files\/ds9808d.jpg\" target=\"_blank\" rel=\"lightbox\"><img class=\"aligncenter\" src=\"http:\/\/www.elzab.com.pl\/files\/ds9808m.jpg\" alt=\"MOTOROLA DS9808\" border=\"0\" \/><\/a><\/p>\n<div id=\"czytnik_cechy\" style=\"text-align: justify;\"><b>MOTOROLA DS9808<\/b> &#8211; prezentacyjny czytnik typu area imager \u0142\u0105cz\u0105cy swoj\u0105 konstrukcj\u0105 cechy czytnika r\u0119cznego i stacjonarnego (czytnik zintegrowany z podstawk\u0105).<br \/>\nWysokiej klasy modu\u0142 skanuj\u0105cy pozwala na czytanie kod\u00f3w 1D oraz 2D, a tak\u017ce kod\u00f3w z ekran\u00f3w telefon\u00f3w, czy laptop\u00f3w. Kamera cyfrowa pozwala tak\u017ce na skanowanie obraz\u00f3w, czy podpis\u00f3w.<br \/>\nCzytnik mo\u017ce pracowa\u0107 w trybie automatycznym, pojawiaj\u0105cy si\u0119 w polu skanowania obiekt uruchamia do\u015bwietlenie i skan kodu. Naci\u015bni\u0119cie przycisku w tym trybie uaktywnia laserowy wz\u00f3r celuj\u0105cy, niezwykle pomocny przy czytaniu kod\u00f3w 2D.<br \/>\nPodnosz\u0105c czytnik przechodzimy w tryb r\u0119czny, laserowy wz\u00f3r celuj\u0105cy uruchamia si\u0119 wtedy automatycznie.<br \/>\nDS9808 jest wyj\u0105tkowo trwa\u0142y. W konstrukcji wykorzystano uszczelnienie typu IP41, kt\u00f3re chroni przed py\u0142em i wilgoci\u0105 oraz upadkami z wysoko\u015bci do 1,5 m.<br \/>\nMo\u017ce by\u0107 stosowany w plac\u00f3wkach handlowych, medycznych oraz biurach, a jego zaawansowane mo\u017cliwo\u015bci predestynuj\u0105 go do najbardziej nowatorskich rozwi\u0105za\u0144 z zastosowaniem kod\u00f3w 2D.<\/p>\n<p>Najwa\u017cniejsze cechy:<\/p>\n<ul>\n<li>odczyt automatyczny lub przy pomocy przycisku,<\/li>\n<li>brak element\u00f3w ruchomych (odporno\u015b\u0107 na upadki do wys. 1,5m),<\/li>\n<li>bezb\u0142\u0119dny odczyt kod\u00f3w uszkodzonych, czy niewyra\u017anych,<\/li>\n<li>mo\u017cliwo\u015b\u0107 odchylenia zintegrowanego z podstawk\u0105 czytnika,<\/li>\n<li>odczyt kod\u00f3w 2D.<\/li>\n<\/ul>\n<p>&nbsp;<\/p>\n<table border=\"0\" width=\"75%\" cellspacing=\"0\" cellpadding=\"0\">\n<tbody>\n<tr>\n<td><b>Nazwa:<\/b><\/td>\n<td><b>DS9808<\/b><\/td>\n<\/tr>\n<tr>\n<td><b>Rodzaj czytnika:<\/b><\/td>\n<td><b>prezentacyjny typu area imager<\/b><\/td>\n<\/tr>\n<tr>\n<td><b>\u0179r\u00f3d\u0142o \u015bwiat\u0142a:<\/b><\/td>\n<td>o\u015bwietlenie: dioda LED 630nm<br \/>\nwz\u00f3r celuj\u0105cy: dioda laserowa 650nm<\/td>\n<\/tr>\n<tr>\n<td><b>Spos\u00f3b wyzwalania odczytu:<\/b><\/td>\n<td>automatyczny (o\u015bwietlenie diod\u0105 LED)<br \/>\nprzycisk (generowany przez laser wz\u00f3r celuj\u0105cy)<\/td>\n<\/tr>\n<tr>\n<td><b>Odleg\u0142o\u015b\u0107 odczytu:<\/b><\/td>\n<td>max 267 mm<\/td>\n<\/tr>\n<tr>\n<td><b>Minimalna szer. elementu kodu:<\/b><\/td>\n<td>0,127 mm<\/td>\n<\/tr>\n<tr>\n<td><b>Pr\u0119dko\u015b\u0107 odczytu:<\/b><\/td>\n<td>okre\u015blana poprzez pr\u0119dko\u015b\u0107 przesuwu: 254cm\/s<\/td>\n<\/tr>\n<tr>\n<td><b>Wz\u00f3r skanuj\u0105cy:<\/b><\/td>\n<td>b.d.<\/td>\n<\/tr>\n<tr>\n<td><b>Sygnalizacja:<\/b><\/td>\n<td>d\u017awi\u0119kowa i optyczna<\/td>\n<\/tr>\n<tr>\n<td><b>Wymiary:<\/b><\/td>\n<td>203(wys.) x 86(szer.) x 137(d\u0142.) mm<\/td>\n<\/tr>\n<tr>\n<td><b>Waga:<\/b><\/td>\n<td>340 g<\/td>\n<\/tr>\n<tr>\n<td><b>Zasilanie:<\/b><\/td>\n<td>5.0 +\/- 10% VDC<\/td>\n<\/tr>\n<tr>\n<td><b>Pob\u00f3r pr\u0105du:<\/b><\/td>\n<td>450 mA<\/td>\n<\/tr>\n<tr>\n<td><b>Temperatura pracy:<\/b><\/td>\n<td>0 &#8211; 40\u00b0 C<\/td>\n<\/tr>\n<tr>\n<td><b>Wilgotno\u015b\u0107 otoczenia:<\/b><\/td>\n<td>wzgl\u0119dna 5- 95%<\/td>\n<\/tr>\n<tr>\n<td><b>Bezpieczny upadek:<\/b><\/td>\n<td>1,5 m<\/td>\n<\/tr>\n<tr>\n<td><b>Dost\u0119pne interfejsy:<\/b><\/td>\n<td>RS232, USB, emulacja klawiatury<\/td>\n<\/tr>\n<\/tbody>\n<\/table>\n<\/div>\n","protected":false},"excerpt":{"rendered":"<p>MOTOROLA DS9808 &#8211; prezentacyjny czytnik typu area imager \u0142\u0105cz\u0105cy swoj\u0105 konstrukcj\u0105 cechy czytnika r\u0119cznego i stacjonarnego (czytnik zintegrowany z podstawk\u0105). Wysokiej klasy modu\u0142 skanuj\u0105cy pozwala na czytanie kod\u00f3w 1D oraz 2D, a tak\u017ce kod\u00f3w z ekran\u00f3w telefon\u00f3w, czy laptop\u00f3w. Kamera cyfrowa pozwala tak\u017ce na skanowanie obraz\u00f3w, czy podpis\u00f3w. Czytnik mo\u017ce pracowa\u0107 w trybie automatycznym, pojawiaj\u0105cy &hellip; <a href=\"https:\/\/www.skelpie.eu\/?page_id=726\" class=\"more-link\">Czytaj dalej <span class=\"screen-reader-text\">MOTOROLA DS9808<\/span> <span class=\"meta-nav\">&rarr;<\/span><\/a><\/p>\n","protected":false},"author":1,"featured_media":0,"parent":0,"menu_order":0,"comment_status":"closed","ping_status":"closed","template":"","meta":[],"_links":{"self":[{"href":"https:\/\/www.skelpie.eu\/index.php?rest_route=\/wp\/v2\/pages\/726"}],"collection":[{"href":"https:\/\/www.skelpie.eu\/index.php?rest_route=\/wp\/v2\/pages"}],"about":[{"href":"https:\/\/www.skelpie.eu\/index.php?rest_route=\/wp\/v2\/types\/page"}],"author":[{"embeddable":true,"href":"https:\/\/www.skelpie.eu\/index.php?rest_route=\/wp\/v2\/users\/1"}],"replies":[{"embeddable":true,"href":"https:\/\/www.skelpie.eu\/index.php?rest_route=%2Fwp%2Fv2%2Fcomments&post=726"}],"version-history":[{"count":1,"href":"https:\/\/www.skelpie.eu\/index.php?rest_route=\/wp\/v2\/pages\/726\/revisions"}],"predecessor-version":[{"id":727,"href":"https:\/\/www.skelpie.eu\/index.php?rest_route=\/wp\/v2\/pages\/726\/revisions\/727"}],"wp:attachment":[{"href":"https:\/\/www.skelpie.eu\/index.php?rest_route=%2Fwp%2Fv2%2Fmedia&parent=726"}],"curies":[{"name":"wp","href":"https:\/\/api.w.org\/{rel}","templated":true}]}}