{"id":743,"date":"2015-03-02T18:44:18","date_gmt":"2015-03-02T18:44:18","guid":{"rendered":"http:\/\/www.skelpie.eu\/?page_id=743"},"modified":"2015-03-02T18:44:18","modified_gmt":"2015-03-02T18:44:18","slug":"ms-7625-horizon","status":"publish","type":"page","link":"https:\/\/www.skelpie.eu\/?page_id=743","title":{"rendered":"MS 7625 Horizon"},"content":{"rendered":"<p><img class=\"aligncenter\" src=\"http:\/\/www.elzab.com.pl\/files\/ms7620.jpg\" alt=\"\" border=\"0\" \/><\/p>\n<p style=\"text-align: justify;\"><b>MS 7625 Horizon <\/b>to laserowy czytnik ladowy, do poziomej zabudowy w boksach kasowych.<\/p>\n<div id=\"czytnik_cechy\" style=\"text-align: justify;\">Przeznaczony do pracy w punktach o du\u017cym nasileniu ruchu.<br \/>\nWielokierunkowy automatyczny odczyt kodu z du\u017c\u0105 pr\u0119dko\u015bci\u0105 umo\u017cliwia szybk\u0105 i \u0142atw\u0105 prac\u0119 w punktach obs\u0142ugi klienta. Ka\u017cdy czytnik tej serii jest wyposa\u017cony w system dezaktywacji etykiet i przywieszek antykradzie\u017cowych (tzw. EAS).<br \/>\nCzytnik posiada dodatkowy port RS232 umo\u017cliwiaj\u0105cy pod\u0142\u0105czenie czytnika r\u0119cznego.<\/p>\n<p>Najwa\u017cniejsze cechy:<\/p>\n<ul>\n<li>solidna, metalowa obudowa,<\/li>\n<li>g\u0119sta siatka promieni odczytu,<\/li>\n<li>system dezaktywacji etykiet i przywieszek antykradzie\u017cowych,<\/li>\n<li>port RS do pod\u0142\u0105czenia czytnika r\u0119cznego.<\/li>\n<\/ul>\n<p>&nbsp;<\/p>\n<table border=\"0\" width=\"75%\" cellspacing=\"0\" cellpadding=\"0\">\n<tbody>\n<tr>\n<td><b>Nazwa:<\/b><\/td>\n<td><b>MS 7625 Horizon<\/b><\/td>\n<\/tr>\n<tr>\n<td><b>Rodzaj czytnika:<\/b><\/td>\n<td><b>ladowy laserowy<\/b><\/td>\n<\/tr>\n<tr>\n<td><b>\u0179r\u00f3d\u0142o \u015bwiat\u0142a:<\/b><\/td>\n<td>dioda laserowa 650nm+\/- 10 nm<\/td>\n<\/tr>\n<tr>\n<td><b>Spos\u00f3b wyzwalania odczytu:<\/b><\/td>\n<td>automatyczny<\/td>\n<\/tr>\n<tr>\n<td><b>Odleg\u0142o\u015b\u0107 odczytu:<\/b><\/td>\n<td>max 203 mm<\/td>\n<\/tr>\n<tr>\n<td><b>Minimalna szer. elementu kodu:<\/b><\/td>\n<td>0,127 mm<\/td>\n<\/tr>\n<tr>\n<td><b>Pr\u0119dko\u015b\u0107 odczytu:<\/b><\/td>\n<td>2000 skan\u00f3w\/s<\/td>\n<\/tr>\n<tr>\n<td><b>Wz\u00f3r skanuj\u0105cy:<\/b><\/td>\n<td>20 linii skanuj\u0105cych<\/td>\n<\/tr>\n<tr>\n<td><b>Sygnalizacja:<\/b><\/td>\n<td>d\u017awi\u0119kowa i optyczna<\/td>\n<\/tr>\n<tr>\n<td><b>Wymiary:<\/b><\/td>\n<td>229 x 193 x 88 mm<\/td>\n<\/tr>\n<tr>\n<td><b>Waga:<\/b><\/td>\n<td>2,88 kg<\/td>\n<\/tr>\n<tr>\n<td><b>D\u0142ugo\u015b\u0107 kabla:<\/b><\/td>\n<td>2,1 m<\/td>\n<\/tr>\n<tr>\n<td><b>Zasilanie:<\/b><\/td>\n<td>5,2 V+\/- 0,25; 1,9 W<\/td>\n<\/tr>\n<tr>\n<td><b>Pob\u00f3r pr\u0105du:<\/b><\/td>\n<td>350 mA<\/td>\n<\/tr>\n<tr>\n<td><b>Temperatura pracy:<\/b><\/td>\n<td>od 0 do 40\u00b0 C<\/td>\n<\/tr>\n<tr>\n<td><b>Wilgotno\u015b\u0107 otoczenia:<\/b><\/td>\n<td>wzgl\u0119dna 5- 95%<\/td>\n<\/tr>\n<tr>\n<td><b>Bezpieczny upadek:<\/b><\/td>\n<td>n.d.<\/td>\n<\/tr>\n<tr>\n<td><b>Dost\u0119pne interfejsy:<\/b><\/td>\n<td>RS232, emulacja klawiatury<\/td>\n<\/tr>\n<\/tbody>\n<\/table>\n<p>&nbsp;<\/p>\n<\/div>\n","protected":false},"excerpt":{"rendered":"<p>MS 7625 Horizon to laserowy czytnik ladowy, do poziomej zabudowy w boksach kasowych. Przeznaczony do pracy w punktach o du\u017cym nasileniu ruchu. Wielokierunkowy automatyczny odczyt kodu z du\u017c\u0105 pr\u0119dko\u015bci\u0105 umo\u017cliwia szybk\u0105 i \u0142atw\u0105 prac\u0119 w punktach obs\u0142ugi klienta. Ka\u017cdy czytnik tej serii jest wyposa\u017cony w system dezaktywacji etykiet i przywieszek antykradzie\u017cowych (tzw. EAS). Czytnik posiada &hellip; <a href=\"https:\/\/www.skelpie.eu\/?page_id=743\" class=\"more-link\">Czytaj dalej <span class=\"screen-reader-text\">MS 7625 Horizon<\/span> <span class=\"meta-nav\">&rarr;<\/span><\/a><\/p>\n","protected":false},"author":1,"featured_media":0,"parent":0,"menu_order":0,"comment_status":"closed","ping_status":"closed","template":"","meta":[],"_links":{"self":[{"href":"https:\/\/www.skelpie.eu\/index.php?rest_route=\/wp\/v2\/pages\/743"}],"collection":[{"href":"https:\/\/www.skelpie.eu\/index.php?rest_route=\/wp\/v2\/pages"}],"about":[{"href":"https:\/\/www.skelpie.eu\/index.php?rest_route=\/wp\/v2\/types\/page"}],"author":[{"embeddable":true,"href":"https:\/\/www.skelpie.eu\/index.php?rest_route=\/wp\/v2\/users\/1"}],"replies":[{"embeddable":true,"href":"https:\/\/www.skelpie.eu\/index.php?rest_route=%2Fwp%2Fv2%2Fcomments&post=743"}],"version-history":[{"count":1,"href":"https:\/\/www.skelpie.eu\/index.php?rest_route=\/wp\/v2\/pages\/743\/revisions"}],"predecessor-version":[{"id":744,"href":"https:\/\/www.skelpie.eu\/index.php?rest_route=\/wp\/v2\/pages\/743\/revisions\/744"}],"wp:attachment":[{"href":"https:\/\/www.skelpie.eu\/index.php?rest_route=%2Fwp%2Fv2%2Fmedia&parent=743"}],"curies":[{"name":"wp","href":"https:\/\/api.w.org\/{rel}","templated":true}]}}