{"id":781,"date":"2015-03-02T19:01:48","date_gmt":"2015-03-02T19:01:48","guid":{"rendered":"http:\/\/www.skelpie.eu\/?page_id=781"},"modified":"2015-03-02T19:01:48","modified_gmt":"2015-03-02T19:01:48","slug":"kolektor-danych-memor","status":"publish","type":"page","link":"https:\/\/www.skelpie.eu\/?page_id=781","title":{"rendered":"Kolektor danych MEMOR"},"content":{"rendered":"<p><a title=\"Kolektor danych MEMOR\" href=\"http:\/\/www.elzab.com.pl\/files\/memor1.jpg\" target=\"_blank\" rel=\"lightbox\"><img class=\"aligncenter\" src=\"http:\/\/www.elzab.com.pl\/files\/memor1m.jpg\" alt=\"MEMOR\" border=\"0\" \/><\/a><\/p>\n<div id=\"kolektor_cechy\" style=\"text-align: justify;\">MEMOR to zaawansowany technologicznie przeno\u015bny terminal o ergonomicznym kszta\u0142cie.<br \/>\nMa\u0142e wymiary i niewielka waga sprawiaj\u0105, \u017ce jest bardzo wygodny dla u\u017cytkownika, a dzi\u0119ki solidnej, kompaktowej obudowie jest wytrzyma\u0142y na upadki, oddzia\u0142ywanie wody, czy kurzu.<\/p>\n<p>Kolorowy, dotykowy wy\u015bwietlacz o wysokiej jasno\u015bci oraz klawiatura w uk\u0142adzie klawiszy telefonu znacznie u\u0142atwiaj\u0105 obs\u0142ug\u0119 terminala. Pami\u0119\u0107 128 MB RAM i 256 MB Flash z mo\u017cliwo\u015bci\u0105 rozbudowy poprzez slot SD pozwala na korzystanie nawet z du\u017cych baz danych i zaawansowanych aplikacji.<br \/>\nNajwa\u017cniejsze cechy:<\/p>\n<ul>\n<li>system operacyjny Microsoft Windows CE 5.0<\/li>\n<li>klawiatura 23 klawisze, pi\u0119ciopozycyjny joystick<\/li>\n<li>slot na karty pami\u0119ci SD<\/li>\n<li>waga 230 g, wymiary 152 x 55 x 40mm<\/li>\n<li>wy\u015bwietlacz graficzny QVGA 240 x320, 2,2&#8221;TFT LCD z pod\u015bwietleniem<\/li>\n<\/ul>\n<p>Zestaw podstawowy: kolektor, zasilacz, kabel USB<\/p>\n<p>&nbsp;<\/p>\n<p>&nbsp;<\/p>\n<table border=\"0\" width=\"95%\">\n<tbody>\n<tr>\n<td><b>Czytnik kod\u00f3w kreskowych:<\/b><\/td>\n<td>laserowy<\/td>\n<\/tr>\n<tr>\n<td><b>Zakres odczytu:<\/b><\/td>\n<td>50mm-900mm (w zale\u017cno\u015bci od kodu)<\/td>\n<\/tr>\n<tr>\n<td><b>Procesor:<\/b><\/td>\n<td>Intel XScale PXA255@ 200MHz<\/td>\n<\/tr>\n<tr>\n<td valign=\"top\"><b>Pami\u0119\u0107 programu:<\/b><\/td>\n<td>256 MB Flash<\/td>\n<\/tr>\n<tr>\n<td valign=\"top\"><b>Pami\u0119\u0107 danych:<\/b><\/td>\n<td>128 MB RAM<\/td>\n<\/tr>\n<tr>\n<td><b>Wy\u015bwietlacz:<\/b><\/td>\n<td>dotykowy, kolorowy QVGA 240 x320, 2,2&#8221;TFT LCD z pod\u015bwietleniem<\/td>\n<\/tr>\n<tr>\n<td><b>Klawiatura:<\/b><\/td>\n<td>23 klawisze, 5-poz. Joystick, pod\u015bwietlenie<\/td>\n<\/tr>\n<tr>\n<td><b>Sygnalizacja:<\/b><\/td>\n<td>d\u017awi\u0119kowa i optyczna<\/td>\n<\/tr>\n<tr>\n<td><b>Interfejsy:<\/b><\/td>\n<td>RS232, USB<\/td>\n<\/tr>\n<tr>\n<td><b>Waga:<\/b><\/td>\n<td>230 g (z akumulatorem)<\/td>\n<\/tr>\n<tr>\n<td><b>Wymiary:<\/b><\/td>\n<td>152 x 55 x 40mm<\/td>\n<\/tr>\n<tr>\n<td><b>Bezpieczny upadek:<\/b><\/td>\n<td>z 1,2m<\/td>\n<\/tr>\n<tr>\n<td><b>Temperatura pracy:<\/b><\/td>\n<td>od 0\u00b0C do 50\u00b0C<\/td>\n<\/tr>\n<tr>\n<td><b>Dop. wilgotno\u015b\u0107 otoczenia:<\/b><\/td>\n<td>5% &#8211; 95% bez kondensacji<\/td>\n<\/tr>\n<tr>\n<td valign=\"top\"><b>Zasilanie:<\/b><\/td>\n<td>akumulator Li-Poly, 3,7V 1100\/2000 mAh<\/td>\n<\/tr>\n<tr>\n<td valign=\"top\" nowrap=\"nowrap\"><b>Odczytywane kody kreskowe:<\/b><\/td>\n<td>wszystkie standardowe kody kreskowe handlowe i przemys\u0142owe<\/td>\n<\/tr>\n<tr>\n<td valign=\"top\"><b>Programowanie:<\/b><\/td>\n<td>narz\u0119dzia przeznaczone dla Windows CE<\/td>\n<\/tr>\n<tr>\n<td valign=\"top\"><b>Wyposa\u017cenie standardowe<\/b><\/td>\n<td>kolektor, zasilacz, kabel USB, smycz<\/td>\n<\/tr>\n<\/tbody>\n<\/table>\n<p>&nbsp;<\/p>\n<\/div>\n","protected":false},"excerpt":{"rendered":"<p>MEMOR to zaawansowany technologicznie przeno\u015bny terminal o ergonomicznym kszta\u0142cie. Ma\u0142e wymiary i niewielka waga sprawiaj\u0105, \u017ce jest bardzo wygodny dla u\u017cytkownika, a dzi\u0119ki solidnej, kompaktowej obudowie jest wytrzyma\u0142y na upadki, oddzia\u0142ywanie wody, czy kurzu. Kolorowy, dotykowy wy\u015bwietlacz o wysokiej jasno\u015bci oraz klawiatura w uk\u0142adzie klawiszy telefonu znacznie u\u0142atwiaj\u0105 obs\u0142ug\u0119 terminala. Pami\u0119\u0107 128 MB RAM i &hellip; <a href=\"https:\/\/www.skelpie.eu\/?page_id=781\" class=\"more-link\">Czytaj dalej <span class=\"screen-reader-text\">Kolektor danych MEMOR<\/span> <span class=\"meta-nav\">&rarr;<\/span><\/a><\/p>\n","protected":false},"author":1,"featured_media":0,"parent":0,"menu_order":0,"comment_status":"closed","ping_status":"closed","template":"","meta":[],"_links":{"self":[{"href":"https:\/\/www.skelpie.eu\/index.php?rest_route=\/wp\/v2\/pages\/781"}],"collection":[{"href":"https:\/\/www.skelpie.eu\/index.php?rest_route=\/wp\/v2\/pages"}],"about":[{"href":"https:\/\/www.skelpie.eu\/index.php?rest_route=\/wp\/v2\/types\/page"}],"author":[{"embeddable":true,"href":"https:\/\/www.skelpie.eu\/index.php?rest_route=\/wp\/v2\/users\/1"}],"replies":[{"embeddable":true,"href":"https:\/\/www.skelpie.eu\/index.php?rest_route=%2Fwp%2Fv2%2Fcomments&post=781"}],"version-history":[{"count":1,"href":"https:\/\/www.skelpie.eu\/index.php?rest_route=\/wp\/v2\/pages\/781\/revisions"}],"predecessor-version":[{"id":782,"href":"https:\/\/www.skelpie.eu\/index.php?rest_route=\/wp\/v2\/pages\/781\/revisions\/782"}],"wp:attachment":[{"href":"https:\/\/www.skelpie.eu\/index.php?rest_route=%2Fwp%2Fv2%2Fmedia&parent=781"}],"curies":[{"name":"wp","href":"https:\/\/api.w.org\/{rel}","templated":true}]}}