{"id":825,"date":"2015-03-02T19:22:07","date_gmt":"2015-03-02T19:22:07","guid":{"rendered":"http:\/\/www.skelpie.eu\/?page_id=825"},"modified":"2015-03-02T19:22:07","modified_gmt":"2015-03-02T19:22:07","slug":"ropam-neo-gsm-ps","status":"publish","type":"page","link":"https:\/\/www.skelpie.eu\/?page_id=825","title":{"rendered":"Ropam Neo GSM-PS"},"content":{"rendered":"<div id=\"galeriaTop\">\n<div class=\"mainPhoto\" style=\"text-align: justify;\"><a href=\"http:\/\/www.ropam.com.pl\/photos\/towary\/154\/neogsmps_2.1390915095.png\" rel=\"pp[gal]\"><img title=\"\" src=\"http:\/\/www.ropam.com.pl\/photos\/towary\/154\/193x194\/neogsmps_2.1390915095.png\" alt=\"NeoGSM-PS\" \/><\/a><\/div>\n<div class=\"towarPhotos\" style=\"text-align: justify;\"><a class=\"photo\" href=\"http:\/\/www.ropam.com.pl\/photos\/towary\/154\/neo_aplikacja.1390915528.png\" rel=\"pp[gal]\"><img title=\"\" src=\"http:\/\/www.ropam.com.pl\/photos\/towary\/154\/130x150\/neo_aplikacja.1390915528.png\" alt=\"NeoGSM-PS\" \/><\/a><\/div>\n<\/div>\n<div id=\"productInfo\">\n<div class=\"desc userText\" style=\"text-align: justify;\"><b>CENTRALA ALARMOWA Z KOMUNIKACJ\u0104 GSM<\/b><\/p>\n<p>kompaktowa centrala alarmowa SMS\/VOICE\/CLIP\/GPRS\/MMS, 17VAC\/24VDC, zasilacz buforowy 12V\/2A, TELx8, BIx8-20, BOx8-14, AI,TEMPx2, TPR-xx, monitoring GPRS, TermostatGSM, KeyGSM, TerminalSMS, LoggerTemp. LogicProcessor<\/p>\n<p>Centrala alarmowa NeoGSM wraz z urz\u0105dzeniami peryferyjnymi to rozwi\u0105zanie integruj\u0105ce elektroniczny system sygnalizacji w\u0142amania i automatyk\u0119 domow\u0105. Wbudowany komunikator GSM pozwala na zdaln\u0105 kontrol\u0119 i sterowanie systemem. Dzi\u0119ki modu\u0142owej konstrukcji system mo\u017ce by\u0107 rozbudowany i dostosowywany do zmieniaj\u0105cych si\u0119 potrzeb u\u017cytkownika.<\/p>\n<p>Centrala posiada unikalne funkcje w por\u00f3wnaniu do konkurencyjnych produkt\u00f3w i jest najbardziej funkcjonalnym systemem na rynku w swojej klasie mi.in.:<br \/>\n&#8211; mo\u017cliwo\u015b\u0107 sterowania za pomoc\u0105 aplikacji RopamDroid dla smatrfon\u00f3w z systemem Android<br \/>\n&#8211; elastyczna kontrola czuwania: panele dotykowe, SMS, wej\u015bcie systemu, piloty radiowe ( <a href=\"http:\/\/www.ropam.com.pl\/ropam_sklep\/pl\/kategoria\/45\/sterowniki_radiowe.html\">RF-4<\/a>), zgodnie z wymaganiami obecnych instalacji: 'od stanu surowego po rezydencj\u0119&#8221;,<br \/>\n&#8211; obs\u0142uga paneli dotykowych; wersja natynkowa <a href=\"http:\/\/www.ropam.com.pl\/ropam_sklep\/pl\/kategoria\/10\/panele_dotykowe.html\">TRP-1, TPR-2W, TPR-2B i podtynkowa TPR-1F,<\/a>,<br \/>\n&#8211; weryfikacja wizualn\u0105 stanu obiektu: modu\u0142<a href=\"http:\/\/www.ropam.com.pl\/ropam_sklep\/pl\/towar\/93\/fgr4.html\"> FGR-4<\/a> do przesy\u0142ania wiadomo\u015bci MMS\/E-MAIL ze zdj\u0119ciami z kamer przemys\u0142owych,<br \/>\n&#8211; syntetyzer mowy<a href=\"http:\/\/www.ropam.com.pl\/ropam_sklep\/pl\/towar\/110\/vsr2.html\"> VSR-2<\/a>, pozwalaj\u0105cy na przes\u0142anie 16 komunikat\u00f3w g\u0142osowych zawieraj\u0105cych unikalne informacje o zdarzeniu (VOICE) lub <a href=\"http:\/\/www.ropam.com.pl\/ropam_sklep\/pl\/towar\/99\/vsr1.html\">VSR-1<\/a>, pozwalaj\u0105cy na przes\u0142anie komunikatu g\u0142osowego (VOICE),<br \/>\n&#8211; modu\u0142 audio <a href=\"http:\/\/www.ropam.com.pl\/ropam_sklep\/pl\/towar\/101\/amr1.html\">AMR-1<\/a> (mikrofon), pozwalaj\u0105cy na pods\u0142uch obiektu i weryfikacj\u0119 audio,<br \/>\n&#8211; bramka <a href=\"http:\/\/www.ropam.com.pl\/ropam_sklep\/pl\/towar\/103\/var1_kenwei.html\">VAR-1<\/a> i modu\u0142 <a href=\"http:\/\/www.ropam.com.pl\/ropam_sklep\/pl\/towar\/93\/fgr4.html\">FGR-4<\/a> do integracji z wideodomofonem, integracja pozwala na rozmow\u0119 telefoniczn\u0105 pomi\u0119dzy bramofonem a telefonem kom\u00f3rkowym oraz na wysy\u0142anie zdj\u0119\u0107 w formacie MMS,<br \/>\n&#8211; integracja audio z domofonami i interkomami,<br \/>\n&#8211; czujniki temperatury TSR-1, s\u0142u\u017c\u0105ce do kontroli i rejestracji temperatury oraz funkcji termostatu,<br \/>\n&#8211; sterownik radiowy\u00a0 RF-4\u00a0 do sterowania czuwaniem i wyj\u015bciami (4) poprzez piloty radiowe,<br \/>\n&#8211; wej\u015bcie analogowe AI 0-10V do kontroli parametr\u00f3w fizycznych np. napi\u0119cie baterii , wilgotno\u015b\u0107 [%RH], temperatura itd.<\/p>\n<p><b>W\u0141A\u015aCIWO\u015aCI:<\/b><br \/>\nSystem NeoGSM to zmodernizowana wersje centrali NEO, nowe zasoby i funkcje (#):<\/p>\n<ul>\n<li># wykrywanie zag\u0142uszania GSM (JAMMING): raportowanie stanu na wyjsciu i zapis w pamieci zdarzen,<\/li>\n<li># LogicProcessor: zaawansowane funkcje logiczne pozwalajace na tworzenie automatyki domowej, przekaznik\u00f3w czasowych, schodowych na wolnych zasobach systemu,<\/li>\n<\/ul>\n<ul>\n<li># obs\u0142uga DTMF sterowanie wyjsciami O1-O8, sterowanie czuwaniem (pe\u0142nym), ko\u0144czenie powiadomienia VOICE, otwieranie 'RYGLA&#8217; w module VAR-1,<\/li>\n<li># wejscie FAC (tylko NeoGSM) do kontroli napiecia AC zasilania podstawowego np. centrali, kontrolera, zasilacza DC,<\/li>\n<\/ul>\n<ul>\n<li># monitoring GPRS: wsp\u00f3\u0142praca ze stacja Kronos NET (sterownik RopamDirect) &#8211; szyfrowana transmisja TCP\/IP, dwa adresy IP, zapasowa transmisja SMS, praca r\u00f3wnoleg\u0142a z trybem powiadomienia SMS\/VOICE,<\/li>\n<\/ul>\n<ul>\n<li>\u00a0wbudowany modem GSM\/DCS\/EGSM bez SIMLOCK-a<\/li>\n<li>\u00a0konstrukcja i funkcje zgodne z PN-EN 50131-3, stopie\u0144 2 (pe\u0142ny komplet)<\/li>\n<li>\u00a0modu\u0142owa i skalowalna centrala alarmowa z funkcjami automatyki domowej<\/li>\n<li>\u00a0jedna strefa g\u0142\u00f3wna oraz strefa wewn\u0119trzna NOC<\/li>\n<li>\u00a0elastyczna kontrola czuwania: panele dotykowe, SMS, RopamDroid, piloty radiowe ( RF-4\/4C), wej\u015bcie centrali\n<ul>\n<li>\u00a0obs\u0142uga aplikacji RopamDroid do sterowania z\u00a0 telefonu opartego o system Android (komunikacja SMS),<\/li>\n<li>\u00a0obs\u0142uga odbiornika radiowego RF-4\u00a0 do sterowania czuwaniem i wyj\u015bciami (4) poprzez piloty radiowe,<\/li>\n<\/ul>\n<\/li>\n<li>\u00a0obs\u0142uga paneli dotykowych TPR-xx<\/li>\n<li>\u00a08 numer\u00f3w telefonu, powiadomienie i sterowanie<\/li>\n<li>\u00a08-20 wej\u015b\u0107, rozbudowa poprzez panele dotykowe oraz ekspande EXP-I8<\/li>\n<li>\u00a0konfiguracja pracy 2EOL\/NC, 2EOL\/NO, EOL, NC, NO<\/li>\n<li>\u00a0AI wej\u015bcie analogowe 0-10V ze skalowaniem do warto\u015bci fizycznej (np. temp=\u00b0C, RH=%, p=kPa)<\/li>\n<li>\u00a0wsp\u00f3\u0142praca z modu\u0142em 8 wej\u015b\u0107\u00a0 EXP-I8<\/li>\n<li>\u00a08-14 sterowanych wyj\u015b\u0107 poprzez stan systemu, SMS, CLIP, panele dotykowe (automatyka domowa)<\/li>\n<li>\u00a0O1 i O2 wyj\u015bcia 12VDC\/1A z zabezpieczeniem zwarciowym, przeci\u0105\u017ceniowym, temperaturowy i kontrol\u0105 obci\u0105\u017cenia,<\/li>\n<li>\u00a0O3-O8 wyj\u015bcia OC 100mA.<\/li>\n<li>\u00a0AUX i KB wyj\u015bcia zasilania 12V\/1A z pe\u0142nym, elektronicznym zabezpieczeniem,<\/li>\n<li>\u00a0transmisja z wej\u015b\u0107 SMS\/VOICE\/CLIP\/MMS\/E-MAIL<\/li>\n<li>\u00a0transmisja SMS\/VOICE\/CLIP przy zmianie stanu wyj\u015b\u0107,<\/li>\n<li>\u00a0KeyGSM: funkcja sterowania wyj\u015bciami poprzez identyfikacj\u0119 numeru telefonu (CallerID tzw, CLIP)<\/li>\n<li>\u00a0dowolne SMS-y i komunikaty VOICE (VSR-2) przy zdarzeniach w systemie: wej\u015bcia, wyj\u015bcia, temp.<\/li>\n<li>\u00a0transmisja MMS\/E-MAIL ze zdj\u0119ciami\u00a0 z kamer CCTV, wideodomofon\u00f3w; wideo weryfikacja zdarze\u0144, funkcja fotopu\u0142apki<\/li>\n<li>\u00a0integracja audio z wideodomofonami<\/li>\n<li>\u00a0integracja audio z\u00a0 domofonami i interkomami<\/li>\n<li>\u00a0dwukierunkowy system audio, pods\u0142uch obiektu<\/li>\n<li>TermostatGSM, LoggerTemp\u00a0 pomiar i rejestracja temperatury z dw\u00f3ch czujnik\u00f3w TSR-1, dwa niezale\u017cne\u00a0 termostaty na 4 wyj\u015bciach<\/li>\n<li>\u00a0zegar RTC z podtrzymaniem bateryjnym<\/li>\n<li>\u00a04 timery 24h do sterowania czuwaniem i wyj\u015bciami<\/li>\n<li>\u00a0funkcja testu \u0142\u0105czno\u015bci: SMS, SMS STAN, CLIP, MMS<\/li>\n<li>\u00a0optyczna sygnalizacja pracy i zasi\u0119gu GSM<\/li>\n<li>\u00a0pami\u0119\u0107 zdarze\u0144; 1000 zdarze\u0144 z nadpisywaniem<\/li>\n<li>\u00a0funkcje ograniczenia koszt\u00f3w i ilo\u015bci transmisji<\/li>\n<li>\u00a0obs\u0142uga kod\u00f3w USSD (kontrola kart pre-paid)<\/li>\n<li>\u00a0TerminalSMS: funkcja transmisji SMS poprzez port RS232TTL z urz\u0105dze\u0144 DTE (PLC, kontrolery itp.) bez komend #AT, kody ASCI, NEO pracuje jak modem, terminal GSM (DCE), wyzwalanie funkcji: wej\u015bcie I8<\/li>\n<li>\u00a0blokowa konstrukcja z niezale\u017cn\u0105 kontrol\u0105 poszczeg\u00f3lnych blok\u00f3w funkcyjnych: zasilanie, modem GSM, mikrokontroler,<\/li>\n<li>\u00a0zasilanie NeoGSM-PS: 17VAC\/24VDC, zasilacz buforowy 12V\/2A z ob\u0142sug\u0105 akumulator\u00f3w 12V, kontrola napi\u0119cia podstawowego AC, kontrola napi\u0119cia DC (&lt;11V),\u00a0 mo\u017cliwo\u015b\u0107 zasilania z alternatywnego \u017ar\u00f3d\u0142a zasilania; akumulatory 24Vdc<\/li>\n<\/ul>\n<p>Dodatkowe urzadzenia, kt\u00f3re rozszerzaja w\u0142asciwosci systemu to:<br \/>\n&#8211; TPR-1x panel dotykowy, nowoczesna klawiatura do kontroli systemu w wersji natynkowej TPR-1 i podtynkowej TPR-1F, wykonanie ze stali INOX,<br \/>\n&#8211; TPR-2x panel dotykowy TPR-2x, nowoczesna klawiatura do kontroli systemu w wersji natynkowej w kolorze bia\u0142ym lub grafitowym, wykonanie z tworzywa ABS,<br \/>\n&#8211; RF-4 systemowy sterownik radiowy do sterowania czuwaniem i urzadzeniami domowymi,<br \/>\n&#8211; FGR-4 modu\u0142 FGR-4 do przesy\u0142ania wiadomosci MMS\/E-MAIL ze zdjeciami z kamer przemys\u0142owych (weryfikacja wizualna),<br \/>\n&#8211; VSR-2 syntezer mowy VSR-2, pozwalajacy na przes\u0142anie 16 komunikat\u00f3w g\u0142osowych (VOICE), VSR-1, pozwalajacy na przes\u0142anie komunikatu g\u0142osowego (VOICE),<br \/>\n&#8211; AMR-1modu\u0142 audio (mikrofon), pozwalajacy na pods\u0142uch obiektu (weryfikacja audio),<br \/>\n&#8211; TSR-1 czujniki temperatury, s\u0142u\u00bfacy do kontroli i monitoringu temperatury oraz funkcji termostatu,,<br \/>\n&#8211; bramka VAR-1 KENWEI, pozwalajaca na integracje z wideodomofonem i dwukierunkowa komunikacja audio (bramofon-kom\u00f3rka) i transmisje MMS-\u00f3w ze zdjeciami z kamery,<\/p><\/div>\n<\/div>\n","protected":false},"excerpt":{"rendered":"<p>CENTRALA ALARMOWA Z KOMUNIKACJ\u0104 GSM kompaktowa centrala alarmowa SMS\/VOICE\/CLIP\/GPRS\/MMS, 17VAC\/24VDC, zasilacz buforowy 12V\/2A, TELx8, BIx8-20, BOx8-14, AI,TEMPx2, TPR-xx, monitoring GPRS, TermostatGSM, KeyGSM, TerminalSMS, LoggerTemp. LogicProcessor Centrala alarmowa NeoGSM wraz z urz\u0105dzeniami peryferyjnymi to rozwi\u0105zanie integruj\u0105ce elektroniczny system sygnalizacji w\u0142amania i automatyk\u0119 domow\u0105. Wbudowany komunikator GSM pozwala na zdaln\u0105 kontrol\u0119 i sterowanie systemem. Dzi\u0119ki modu\u0142owej konstrukcji &hellip; <a href=\"https:\/\/www.skelpie.eu\/?page_id=825\" class=\"more-link\">Czytaj dalej <span class=\"screen-reader-text\">Ropam Neo GSM-PS<\/span> <span class=\"meta-nav\">&rarr;<\/span><\/a><\/p>\n","protected":false},"author":1,"featured_media":0,"parent":0,"menu_order":0,"comment_status":"closed","ping_status":"closed","template":"","meta":[],"_links":{"self":[{"href":"https:\/\/www.skelpie.eu\/index.php?rest_route=\/wp\/v2\/pages\/825"}],"collection":[{"href":"https:\/\/www.skelpie.eu\/index.php?rest_route=\/wp\/v2\/pages"}],"about":[{"href":"https:\/\/www.skelpie.eu\/index.php?rest_route=\/wp\/v2\/types\/page"}],"author":[{"embeddable":true,"href":"https:\/\/www.skelpie.eu\/index.php?rest_route=\/wp\/v2\/users\/1"}],"replies":[{"embeddable":true,"href":"https:\/\/www.skelpie.eu\/index.php?rest_route=%2Fwp%2Fv2%2Fcomments&post=825"}],"version-history":[{"count":1,"href":"https:\/\/www.skelpie.eu\/index.php?rest_route=\/wp\/v2\/pages\/825\/revisions"}],"predecessor-version":[{"id":826,"href":"https:\/\/www.skelpie.eu\/index.php?rest_route=\/wp\/v2\/pages\/825\/revisions\/826"}],"wp:attachment":[{"href":"https:\/\/www.skelpie.eu\/index.php?rest_route=%2Fwp%2Fv2%2Fmedia&parent=825"}],"curies":[{"name":"wp","href":"https:\/\/api.w.org\/{rel}","templated":true}]}}