{"id":971,"date":"2018-01-16T15:40:06","date_gmt":"2018-01-16T15:40:06","guid":{"rendered":"https:\/\/www.skelpie.eu\/?page_id=971"},"modified":"2018-01-16T15:41:17","modified_gmt":"2018-01-16T15:41:17","slug":"serwis-informatyczny-firm","status":"publish","type":"page","link":"https:\/\/www.skelpie.eu\/?page_id=971","title":{"rendered":"Serwis informatyczny firm"},"content":{"rendered":"<p><img loading=\"lazy\" class=\"aligncenter size-full wp-image-973\" src=\"https:\/\/www.skelpie.eu\/wp-content\/uploads\/2018\/01\/remote1.jpg\" alt=\"\" width=\"351\" height=\"229\" srcset=\"https:\/\/www.skelpie.eu\/wp-content\/uploads\/2018\/01\/remote1.jpg 351w, https:\/\/www.skelpie.eu\/wp-content\/uploads\/2018\/01\/remote1-300x196.jpg 300w\" sizes=\"(max-width: 351px) 100vw, 351px\" \/>Proponujemy Pa\u0144stwu us\u0142ug\u0119 nadzoru i serwisu informatycznego prowadzonego w spos\u00f3b zdalny. Jest to wygodne i tanie rozwi\u0105zanie dla os\u00f3b, kt\u00f3re chc\u0105 utrzyma\u0107 sprawno\u015b\u0107 informatyczn\u0105 swojej firmy bez ponoszenia wysokich koszt\u00f3w. W ramach obs\u0142ugi oferujemy m.in.<\/p>\n<ul>\n<li>Instalacj\u0119 oprogramowania<\/li>\n<li>Aktualizacj\u0119 oprogramowania<\/li>\n<li>Optymalizacj\u0119 systemu operacyjnego oraz program\u00f3w w celu przyspieszenia dzia\u0142ania<\/li>\n<li>Tworzenie kopii zapasowych<\/li>\n<li>Zabezpieczenia oraz skanowanie antywirusowe\/antyspamowe.<\/li>\n<li>Instalacj\u0119 rozbudowanych aktualizacji po godzinach pracy firmy tak, aby rano wszystko &#8222;gra\u0142o&#8221;<\/li>\n<\/ul>\n<p>Zapraszamy do kontaktu<\/p>\n","protected":false},"excerpt":{"rendered":"<p>Proponujemy Pa\u0144stwu us\u0142ug\u0119 nadzoru i serwisu informatycznego prowadzonego w spos\u00f3b zdalny. Jest to wygodne i tanie rozwi\u0105zanie dla os\u00f3b, kt\u00f3re chc\u0105 utrzyma\u0107 sprawno\u015b\u0107 informatyczn\u0105 swojej firmy bez ponoszenia wysokich koszt\u00f3w. W ramach obs\u0142ugi oferujemy m.in. Instalacj\u0119 oprogramowania Aktualizacj\u0119 oprogramowania Optymalizacj\u0119 systemu operacyjnego oraz program\u00f3w w celu przyspieszenia dzia\u0142ania Tworzenie kopii zapasowych Zabezpieczenia oraz skanowanie antywirusowe\/antyspamowe. &hellip; <a href=\"https:\/\/www.skelpie.eu\/?page_id=971\" class=\"more-link\">Czytaj dalej <span class=\"screen-reader-text\">Serwis informatyczny firm<\/span> <span class=\"meta-nav\">&rarr;<\/span><\/a><\/p>\n","protected":false},"author":1,"featured_media":0,"parent":0,"menu_order":0,"comment_status":"closed","ping_status":"closed","template":"","meta":[],"_links":{"self":[{"href":"https:\/\/www.skelpie.eu\/index.php?rest_route=\/wp\/v2\/pages\/971"}],"collection":[{"href":"https:\/\/www.skelpie.eu\/index.php?rest_route=\/wp\/v2\/pages"}],"about":[{"href":"https:\/\/www.skelpie.eu\/index.php?rest_route=\/wp\/v2\/types\/page"}],"author":[{"embeddable":true,"href":"https:\/\/www.skelpie.eu\/index.php?rest_route=\/wp\/v2\/users\/1"}],"replies":[{"embeddable":true,"href":"https:\/\/www.skelpie.eu\/index.php?rest_route=%2Fwp%2Fv2%2Fcomments&post=971"}],"version-history":[{"count":2,"href":"https:\/\/www.skelpie.eu\/index.php?rest_route=\/wp\/v2\/pages\/971\/revisions"}],"predecessor-version":[{"id":974,"href":"https:\/\/www.skelpie.eu\/index.php?rest_route=\/wp\/v2\/pages\/971\/revisions\/974"}],"wp:attachment":[{"href":"https:\/\/www.skelpie.eu\/index.php?rest_route=%2Fwp%2Fv2%2Fmedia&parent=971"}],"curies":[{"name":"wp","href":"https:\/\/api.w.org\/{rel}","templated":true}]}}